{"id":117,"date":"2014-01-31T15:38:02","date_gmt":"2014-01-31T14:38:02","guid":{"rendered":"http:\/\/www.rougier-atelier.com\/2014\/?post_type=product&#038;p=117"},"modified":"2014-10-18T14:59:59","modified_gmt":"2014-10-18T13:59:59","slug":"ficelle-n113-urticante","status":"publish","type":"product","link":"http:\/\/www.rougier-atelier.com\/?product=ficelle-n113-urticante","title":{"rendered":"Ficelle n\u00b0113 &#8211; URTICANTE"},"content":{"rendered":"<p>livre d\u2019artiste, broch\u00e9, pr\u00e9sent\u00e9e en enveloppe timbr\u00e9e d\u2019artiste, pr\u00eat \u00e0 poster. 500 ex.<\/p>\n<p>Tirage de T\u00eate en coffret \u00ab\u00a0Beaux livres\u00a0\u00bb: Tirage de 20 ex., 1 gravure originale, 1 froiss\u00e9, le sous-verre et le <b>coffret\u00a0: 60\u20ac<\/b><\/p>\n<p>Collection \u00ab\u00a0ficelle\u00a0\u00bb &#8211; format 10 x 15 cm \u2013 44 pages \u2013 broch\u00e9 sous enveloppe. \u2013<\/p>\n<p>Mise en vente\u00a0: Mars 2013<\/p>\n<p>\u00ab\u00a0Est-ce que\u00a0\u00bb, c\u2019est l\u2019ongle qui gratte \u00e0 vif le quotidien ordinaire et familier, l\u00e0 o\u00f9 tout un chacun ne voit que du normal bien lisse. L\u2019ongle chatouille et touille jusqu\u2019\u00e0 faire monter la contradiction dans ce qui para\u00eet banalement aller de soi. Que ce soit la g\u00e9ographie (est-ce que la route qui traverse le plateau de Millevaches conduit \u00e0 Bonn\u00e9table ?), Moli\u00e8re (est-ce qu\u2019Harpagon portait des bas \u00e0 varices ?), le potager (est-ce vous connaissez les \u201cWi-fi\u201d, vari\u00e9t\u00e9 de haricots sans fil ? \u2014 celle-l\u00e0, j\u2019aurais voulu la faire !), le social (est-ce que tous les SDF ont un nom \u00e0 coucher dehors ?) ou la politique (est-ce que c\u2019est vrai qu\u2019ils font de sacr\u00e9s canards, les lendemains qui chantent ?).<br \/>\nL\u2019inqui\u00e9tude du po\u00e8te (est-ce qu\u2019il sera jamais fini, le po\u00e8me ?) et le doute du philosophe (est-ce qu\u2019il est interdit de permettre ?) se joignent \u00e0 la discr\u00e9tion militante chez Touzeil. Et pour conclure sugg\u00e8rent, au lecteur citoyen que je suis, d\u2019interroger Jean-Marc Ayrault avec une urticante mais n\u00e9anmoins d\u00e9f\u00e9rente courtoisie : est-ce qu\u2019avoir le cul entre deux chaises peut v\u00e9ritablement faire avancer le dossier ?<\/p>\n<p>Louis Dubost<\/p>\n<p>site internet : <a href=\"http:\/\/www.printempsdespoetes.com\/index.php?url=agenda\/fiche_orga.php&#038;cle=162057\" target=\"blank\">http:\/\/www.printempsdespoetes.com\/index.php?url=agenda\/fiche_orga.php&#038;cle=162057<\/a><\/p>\n","protected":false},"excerpt":{"rendered":"<p>Aut : Jean-Claude Touzeil &#8211; ill : Yves Barr\u00e9 &#8211; ISBN 9782-913040-95-0<\/p>\n<p>Po\u00e9sie humour<\/p>\n<p>La po\u00e9sie : poil \u00e0 gratter. Ou comment exprimer de la vraie indignation avec un sourire innocent. C\u2019est tout l\u2019art po\u00e9tique de J.-C. Touzeil avec des mots et de son complice Y. Barr\u00e9 avec des images. Qui utilisent les techniques confirm\u00e9es du calembour, du d\u00e9tournement, du contrepet, de la ma\u00efeutique ironique&#8230; \u00e0 l\u2019instar de ces \u00ab\u00a0po\u00e8tes\u00a0\u00bb impertinents (pl\u00e9onasme) que furent Coluche, Deproges voire aujourd\u2019hui Magdane qui pastiche Touzeil sans le savoir : quand on voit un flic sur un tracteur, peut-on dire que c\u2019est un poulet fermier ?<\/p>\n","protected":false},"featured_media":118,"template":"","meta":[],"product_brand":[],"product_cat":[15],"product_tag":[33,150],"class_list":{"0":"post-117","1":"product","2":"type-product","3":"status-publish","4":"has-post-thumbnail","6":"product_cat-revue-ficelleplisurgents","7":"product_tag-jean-claude-touzeil","8":"product_tag-barre","10":"first","11":"instock","12":"shipping-taxable","13":"purchasable","14":"product-type-simple"},"_links":{"self":[{"href":"http:\/\/www.rougier-atelier.com\/index.php?rest_route=\/wp\/v2\/product\/117","targetHints":{"allow":["GET"]}}],"collection":[{"href":"http:\/\/www.rougier-atelier.com\/index.php?rest_route=\/wp\/v2\/product"}],"about":[{"href":"http:\/\/www.rougier-atelier.com\/index.php?rest_route=\/wp\/v2\/types\/product"}],"wp:featuredmedia":[{"embeddable":true,"href":"http:\/\/www.rougier-atelier.com\/index.php?rest_route=\/wp\/v2\/media\/118"}],"wp:attachment":[{"href":"http:\/\/www.rougier-atelier.com\/index.php?rest_route=%2Fwp%2Fv2%2Fmedia&parent=117"}],"wp:term":[{"taxonomy":"product_brand","embeddable":true,"href":"http:\/\/www.rougier-atelier.com\/index.php?rest_route=%2Fwp%2Fv2%2Fproduct_brand&post=117"},{"taxonomy":"product_cat","embeddable":true,"href":"http:\/\/www.rougier-atelier.com\/index.php?rest_route=%2Fwp%2Fv2%2Fproduct_cat&post=117"},{"taxonomy":"product_tag","embeddable":true,"href":"http:\/\/www.rougier-atelier.com\/index.php?rest_route=%2Fwp%2Fv2%2Fproduct_tag&post=117"}],"curies":[{"name":"wp","href":"https:\/\/api.w.org\/{rel}","templated":true}]}}