{"id":130,"date":"2017-12-28T12:09:26","date_gmt":"2017-12-28T11:09:26","guid":{"rendered":"http:\/\/www.rougier-atelier.com\/2014\/?post_type=product&#038;p=130"},"modified":"2022-12-19T10:17:45","modified_gmt":"2022-12-19T09:17:45","slug":"abonnement-classique-4-ficelles-36e","status":"publish","type":"product","link":"http:\/\/www.rougier-atelier.com\/?product=abonnement-classique-4-ficelles-36e","title":{"rendered":"Abonnement"},"content":{"rendered":"<p class=\"p2\"><span class=\"s1\"><span class=\"Apple-converted-space\">\u00a0<\/span><\/span><span class=\"s2\">C<\/span>hers lecteurs<span class=\"Apple-converted-space\">\u00a0<\/span><\/p>\n<p class=\"p3\">La revue <i>ficelle <\/i>et ses suppl\u00e9ments <span class=\"s3\">P<\/span><span class=\"s4\">lis <\/span><span class=\"s3\">U<\/span><span class=\"s4\">rgents <\/span>f\u00eatent leur 32<span class=\"s5\">e <\/span>ann\u00e9e avec ses 200<span class=\"s5\">e <\/span>titres de <span class=\"s6\"><i>po\u00e9sie \u00abd\u00e9glingue, po\u00e9sie sourires\u00bb <\/i>. <\/span>Cela avec beaucoup d\u2019amis auteurs litt\u00e9raires et artistes plasticiens. Ces livrets artisanaux \u00e9dit\u00e9s \u00e0 300 exemplaires vous proposent de d\u00e9couvrir un po\u00e8te et un artiste ; ils sont \u00e9dit\u00e9s gr\u00e2ce \u00e0 votre participation d\u2019abonn\u00e9s et celle des auteurs.<span class=\"Apple-converted-space\">\u00a0<\/span><\/p>\n<p class=\"p3\">Chaque ann\u00e9e dans ces collections vous sont propos\u00e9s huit\/neuf livrets, de genres po\u00e9tiques vari\u00e9s,&#8230; divertissants :<span class=\"Apple-converted-space\">\u00a0<\/span><\/p>\n<p class=\"p4\"><i>Po\u00e9sie du regard de la r\u00e9flexion \u2014 d\u2019amour \u2014 du voyage, po\u00e9sie d\u00e9glingue \/humour \/exp\u00e9rimentale.<span class=\"Apple-converted-space\">\u00a0<\/span><\/i><\/p>\n<p class=\"p3\"><span class=\"s7\"><i>\u00c0 <\/i><\/span><i>savoir que l\u2019atelier refuse toutes forme de subvention (comme notre fleuron hebdo qui a f\u00eater ses 100 ans), restons libres, responsables et heureux homo sapiens-lecteurs attentifs \u00e0 la pens\u00e9e et aux sentiments des autres.<span class=\"Apple-converted-space\">\u00a0<\/span><\/i><\/p>\n<p class=\"p3\">Ces petites \u00e9ditions originales d\u2019auteurs contemporains existent, ils continueront d\u2019exister dans le partage de l\u2019art et de la po\u00e9sie gr\u00e2ce \u00e0 vous.<span class=\"Apple-converted-space\">\u00a0<\/span><\/p>\n<p class=\"p5\">Nous comptons sur votre abonnement pour l\u2019ann\u00e9e 2023.<span class=\"Apple-converted-space\">\u00a0<\/span><\/p>\n<p class=\"p6\">Votre d\u00e9vou\u00e9 graveur-\u00e9diteur. <span class=\"s6\">Vincent Rougier<\/span><\/p>\n","protected":false},"excerpt":{"rendered":"<p class=\"p2\"><span class=\"s1\"><span class=\"Apple-converted-space\">\u00a0<\/span><\/span><span class=\"s2\">C<\/span>hers lecteurs<span class=\"Apple-converted-space\">\u00a0<\/span><\/p>\n<p class=\"p3\">La revue <i>ficelle <\/i>et ses suppl\u00e9ments <span class=\"s3\">P<\/span><span class=\"s4\">lis <\/span><span class=\"s3\">U<\/span><span class=\"s4\">rgents <\/span>f\u00eatent leur 32<span class=\"s5\">e <\/span>ann\u00e9e avec ses 200<span class=\"s5\">e <\/span>titres de <span class=\"s6\"><i>po\u00e9sie \u00abd\u00e9glingue, po\u00e9sie sourires\u00bb <\/i>. <\/span>Cela avec beaucoup d\u2019amis auteurs litt\u00e9raires et artistes plasticiens. Ces livrets artisanaux \u00e9dit\u00e9s \u00e0 300 exemplaires vous proposent de d\u00e9couvrir un po\u00e8te et un artiste ; ils sont \u00e9dit\u00e9s gr\u00e2ce \u00e0 votre participation d\u2019abonn\u00e9s et celle des auteurs.<span class=\"Apple-converted-space\">\u00a0<\/span><\/p>\n<p class=\"p3\">Chaque ann\u00e9e dans ces collections vous sont propos\u00e9s huit\/neuf livrets, de genres po\u00e9tiques vari\u00e9s,&#8230; divertissants :<span class=\"Apple-converted-space\">\u00a0<\/span><\/p>\n<p class=\"p4\"><i>Po\u00e9sie du regard de la r\u00e9flexion \u2014 d\u2019amour \u2014 du voyage, po\u00e9sie d\u00e9glingue \/humour \/exp\u00e9rimentale.<span class=\"Apple-converted-space\">\u00a0<\/span><\/i><\/p>\n<p class=\"p3\"><span class=\"s7\"><i>\u00c0 <\/i><\/span><i>savoir que l\u2019atelier refuse toutes forme de subvention (comme notre fleuron hebdo qui a f\u00eater ses 100 ans), restons libres, responsables et heureux homo sapiens-lecteurs attentifs \u00e0 la pens\u00e9e et aux sentiments des autres.<span class=\"Apple-converted-space\">\u00a0<\/span><\/i><\/p>\n<p class=\"p3\">Ces petites \u00e9ditions originales d\u2019auteurs contemporains existent, ils continueront d\u2019exister dans le partage de l\u2019art et de la po\u00e9sie gr\u00e2ce \u00e0 vous.<span class=\"Apple-converted-space\">\u00a0<\/span><\/p>\n<p class=\"p5\">Nous comptons sur votre abonnement pour l\u2019ann\u00e9e 2023.<span class=\"Apple-converted-space\">\u00a0<\/span><\/p>\n<p class=\"p6\">Votre d\u00e9vou\u00e9 graveur-\u00e9diteur. <span class=\"s6\">Vincent Rougier<\/span><\/p>\n","protected":false},"featured_media":2761,"template":"","meta":[],"product_brand":[],"product_cat":[632],"product_tag":[],"class_list":{"0":"post-130","1":"product","2":"type-product","3":"status-publish","4":"has-post-thumbnail","6":"product_cat-non-classe","8":"first","9":"instock","10":"shipping-taxable","11":"product-type-simple"},"_links":{"self":[{"href":"http:\/\/www.rougier-atelier.com\/index.php?rest_route=\/wp\/v2\/product\/130","targetHints":{"allow":["GET"]}}],"collection":[{"href":"http:\/\/www.rougier-atelier.com\/index.php?rest_route=\/wp\/v2\/product"}],"about":[{"href":"http:\/\/www.rougier-atelier.com\/index.php?rest_route=\/wp\/v2\/types\/product"}],"wp:featuredmedia":[{"embeddable":true,"href":"http:\/\/www.rougier-atelier.com\/index.php?rest_route=\/wp\/v2\/media\/2761"}],"wp:attachment":[{"href":"http:\/\/www.rougier-atelier.com\/index.php?rest_route=%2Fwp%2Fv2%2Fmedia&parent=130"}],"wp:term":[{"taxonomy":"product_brand","embeddable":true,"href":"http:\/\/www.rougier-atelier.com\/index.php?rest_route=%2Fwp%2Fv2%2Fproduct_brand&post=130"},{"taxonomy":"product_cat","embeddable":true,"href":"http:\/\/www.rougier-atelier.com\/index.php?rest_route=%2Fwp%2Fv2%2Fproduct_cat&post=130"},{"taxonomy":"product_tag","embeddable":true,"href":"http:\/\/www.rougier-atelier.com\/index.php?rest_route=%2Fwp%2Fv2%2Fproduct_tag&post=130"}],"curies":[{"name":"wp","href":"https:\/\/api.w.org\/{rel}","templated":true}]}}