{"id":1497,"date":"2017-02-03T08:54:33","date_gmt":"2017-02-03T07:54:33","guid":{"rendered":"http:\/\/www.rougier-atelier.com\/?post_type=product&#038;p=1497"},"modified":"2017-02-03T08:54:33","modified_gmt":"2017-02-03T07:54:33","slug":"ficelle-128-penchees-sauvages","status":"publish","type":"product","link":"http:\/\/www.rougier-atelier.com\/?product=ficelle-128-penchees-sauvages","title":{"rendered":"Ficelle 128 &#8211; PENCH\u00c9ES SAUVAGES"},"content":{"rendered":"<p><strong>Etienne Cornevin<\/strong> est un universitaire fran\u00e7ais, journaliste, professeur au D\u00e9partement Arts, Universit\u00e9 Paris-VIII \u2013 Vincennes (en 2012), r\u00e9dacteur en chef de la revue \u201cNouvelles Hybrides\u201d, et directeur des \u201c\u00c9ditions du C\u00e9phalophore ent\u00eat\u00e9\u201d<br \/>\n<a href=\"http:\/\/nouvelles-hybrides.fr\"target=\"_blank\">http:\/\/nouvelles-hybrides.fr<\/a><br \/>\n\u00c9leveur de Coq-\u00e0-l\u2019\u00e2ne qui d\u00e9lie la liaison du propos pour la liaison du langage&#8230;, de la pens\u00e9e.<br \/>\nPri\u00e9 de biobibliographiser \u00e0 son propre propos, s\u2019avise de ce qu\u2019il est toujours aussi mal dou\u00e9 pour cet exercice de publicit\u00e9 \u00e9l\u00e9mentaire, et que cette inaptitude \u00e0 se d\u00e9finir pourrait assez bien le d\u00e9finir. Il l\u2019entretient soigneusement (cette inaptitude) par diverses activit\u00e9s plus ou moins reconnues comme enseignement, recherche, philosophie, traduction, critique (d\u2019art), essayisme, commissariat (de polices expositionnelles), art ou m\u00eame po\u00e9sie. A fini par comprendre qu\u2019il n\u2019\u00e9tait pas tr\u00e8s \u00abvendeur\u00bb de vouloir m\u00ealer tout cela. Un \u00abint\u00e9r\u00eat\u00bb peu vaguement int\u00e9ress\u00e9 pour les moutons \u00e0 cinq pattes l\u2019a conduit \u00e0 fonder r\u00e9cemment L\u2019OVNI quintup\u00e8de, association d\u00e9sint\u00e9ress\u00e9e, et les \u00c9ditions du C\u00e9phalophore ent\u00eat\u00e9, avec lesquelles il compte avoir beaucoup de livres monstres.<\/p>\n","protected":false},"excerpt":{"rendered":"<p>Aut.: Etienne Cornevin &#8211; Ill.: Vincent Rougier<br \/>\nISSN 1252-5405, ISBN 979-10-93019-29-1<br \/>\nPo\u00e9sie d\u00e9glingue<br \/>\nLivret broch\u00e9 couture plate, 300 ex.<br \/>\nPr\u00e9sent\u00e9 en enveloppe \u00ab\u00a0Mail Art\u00a0\u00bb 32p. 10,5 x 15 cm.<\/p>\n","protected":false},"featured_media":1498,"template":"","meta":[],"product_brand":[],"product_cat":[15],"product_tag":[466,464,465,40],"class_list":{"0":"post-1497","1":"product","2":"type-product","3":"status-publish","4":"has-post-thumbnail","6":"product_cat-revue-ficelleplisurgents","7":"product_tag-466","8":"product_tag-etienne-cornevin","9":"product_tag-penchees-sauvages","10":"product_tag-vincent-rougier","12":"first","13":"instock","14":"shipping-taxable","15":"purchasable","16":"product-type-simple"},"_links":{"self":[{"href":"http:\/\/www.rougier-atelier.com\/index.php?rest_route=\/wp\/v2\/product\/1497","targetHints":{"allow":["GET"]}}],"collection":[{"href":"http:\/\/www.rougier-atelier.com\/index.php?rest_route=\/wp\/v2\/product"}],"about":[{"href":"http:\/\/www.rougier-atelier.com\/index.php?rest_route=\/wp\/v2\/types\/product"}],"wp:featuredmedia":[{"embeddable":true,"href":"http:\/\/www.rougier-atelier.com\/index.php?rest_route=\/wp\/v2\/media\/1498"}],"wp:attachment":[{"href":"http:\/\/www.rougier-atelier.com\/index.php?rest_route=%2Fwp%2Fv2%2Fmedia&parent=1497"}],"wp:term":[{"taxonomy":"product_brand","embeddable":true,"href":"http:\/\/www.rougier-atelier.com\/index.php?rest_route=%2Fwp%2Fv2%2Fproduct_brand&post=1497"},{"taxonomy":"product_cat","embeddable":true,"href":"http:\/\/www.rougier-atelier.com\/index.php?rest_route=%2Fwp%2Fv2%2Fproduct_cat&post=1497"},{"taxonomy":"product_tag","embeddable":true,"href":"http:\/\/www.rougier-atelier.com\/index.php?rest_route=%2Fwp%2Fv2%2Fproduct_tag&post=1497"}],"curies":[{"name":"wp","href":"https:\/\/api.w.org\/{rel}","templated":true}]}}