{"id":1700,"date":"2017-06-20T08:11:59","date_gmt":"2017-06-20T07:11:59","guid":{"rendered":"http:\/\/www.rougier-atelier.com\/?post_type=product&#038;p=1700"},"modified":"2017-06-20T08:11:59","modified_gmt":"2017-06-20T07:11:59","slug":"ficelle-130-un-galet-dans-la-bouche","status":"publish","type":"product","link":"http:\/\/www.rougier-atelier.com\/?product=ficelle-130-un-galet-dans-la-bouche","title":{"rendered":"ficelle 130 UN GALET DANS LA BOUCHE"},"content":{"rendered":"<p>\u00ab Pour gagner les champs par une valleuse \u00bb (Flaubert)<\/p>\n<p>Je viens d\u2019un pays o\u00f9 chaque jardin se d\u00e9pose aux brisants. La falaise sur la mer. Le jardin sur la falaise face \u00e0 la mer. Le portique des ports sous la main au bout de l\u2019all\u00e9e du jardin bris\u00e9. Le po\u00e8me face \u00e0 l\u2019espace. L\u2019espace du po\u00e8me face aux falaises et \u00e0 la mer.<\/p>\n<p>J\u2019ai toujours baiss\u00e9 les yeux devant la mer pour mieux en mesurer l\u2019ab\u00eeme depuis les hautes falaises. Pour entrer la mer en soi l\u2019\u00e9nigme des algues et \u00e0 coup s\u00fbr la plasticit\u00e9 r\u00e9sistante du galet. Mais plus s\u00fbrement encore pour dire les phares. Ces hautes phrases des mers dress\u00e9es comme des galets de conqu\u00eate qui tiennent l\u2019amer \u00e0 l\u2019\u00e9gal des falaises. Retiennent nos pas. Eclairent la nuit de qui tente un passage. De qui cherche \u00e0 se frayer un chemin de c\u00f4te vers l\u2019int\u00e9rieur de soi. J\u2019ai chemin\u00e9 dos \u00e0 la mer comme pour rentrer chez moi. Pour retourner au jardin caler le galet hors de ma bouche.<\/p>\n<p><i>La passion d\u2019un pays, le pays de Caux, ses falaises, ses pierres, ses v\u00e9g\u00e9tations, son ressac. Le langage, comme r\u00e9colte de bl\u00e9 mental, est enti\u00e8rement moulu, remodel\u00e9 dans son moulin, dans sa broyeuse inventive, syntaxe neuve, vocabulaire sensuel, tellurique, alchimies de la terre et du levain o\u00f9 les mots sont du bon grain \u00e0 semer et ressemer pour des recommencements, usage de l\u2019ellipse, du \u00abparl\u00e9\u00bb, comme naturel, une s\u00e9mantique du terroir qui fait miroir et non pas nostalgie [\u2026] heureux de constater comment dans cette \u00e9criture la connaissance devient cette effervescente mat\u00e9rialit\u00e9 du verbe, qui se fait terre autant qu\u2019il se fait chair !\u00a0<\/i><\/p>\n<p>C<b>harles <\/b>D<b>obzynski<\/b><\/p>\n<p>Bibliographie <strong>Jacques Moulin<\/strong><\/p>\n<p><i>\u00c9crire \u00e0 vue <\/i>(L\u2019atelier contemporain, 2016) \u00a0<i>Journal de campagne <\/i>(images de Beno\u00eet Delescluse), \u00e9ditions \u00c6ncrages &amp; Co, 2015. \u00a0<i>\u00c0 la fen\u00eatre du Transsib\u00e9rien <\/i>(images de Maurice Janin), L\u2019Atelier du Grand T\u00e9tras, 2014. \u00a0<i>Portique <\/i>(images peintes d\u2019Ann Loubert), L\u2019Atelier contemporain, 2014. \u00a0<i>Comme un bruit de jardin<\/i>, \u00e9ditions Tarabuste, 2014. \u00a0<i>Entre <\/i>(co\u00e9crit avec Mira Wladir), \u00e9ditions Le Miel de l\u2019Ours, 2013. \u00a0<i>\u00c0 vol d\u2019oiseaux <\/i>(images peintes d\u2019Anne Loubert), L\u2019Atelier contemporain, 2013. \u00a0<i>Entre les arbres<\/i>, \u00e9ditions Empreintes, 2012. \u00a0<i>Archives d\u2019\u00eeles<\/i>, \u00e9ditions L\u2019Arbre \u00e0 paroles, 2010. \u00a0<i>Escorter la mer<\/i>, \u00e9ditions Empreintes, 2005. \u00a0<i>La mer est en nuit blanche<\/i>, \u00e9ditions Empreintes, 2001. \u00a0<i>Ar\u00e8nes 42<\/i>, Cadex \u00e9ditions, 2000. \u00a0<i>Valleuse<\/i>, Cadex \u00e9ditions, 1999.<\/p>\n","protected":false},"excerpt":{"rendered":"<p><strong>Aut.: Jacques Moulin &#8211; ill.: V. Rougier<\/strong><\/p>\n<p>ISSN 1252-5405<\/p>\n<p>Po\u00e9sie du regard<br \/>\nLivre broch\u00e9 couture plate, 28 pages, deux leporello, pr\u00e9sent\u00e9 en enveloppe MailArt, 10,5x15cm.<\/p>\n","protected":false},"featured_media":1701,"template":"","meta":[],"product_brand":[],"product_cat":[15],"product_tag":[480,479,478],"class_list":{"0":"post-1700","1":"product","2":"type-product","3":"status-publish","4":"has-post-thumbnail","6":"product_cat-revue-ficelleplisurgents","7":"product_tag-ficelle-130","8":"product_tag-jacques-moulin","9":"product_tag-un-galet-dans-la-bouche","11":"first","12":"instock","13":"shipping-taxable","14":"purchasable","15":"product-type-simple"},"_links":{"self":[{"href":"http:\/\/www.rougier-atelier.com\/index.php?rest_route=\/wp\/v2\/product\/1700","targetHints":{"allow":["GET"]}}],"collection":[{"href":"http:\/\/www.rougier-atelier.com\/index.php?rest_route=\/wp\/v2\/product"}],"about":[{"href":"http:\/\/www.rougier-atelier.com\/index.php?rest_route=\/wp\/v2\/types\/product"}],"wp:featuredmedia":[{"embeddable":true,"href":"http:\/\/www.rougier-atelier.com\/index.php?rest_route=\/wp\/v2\/media\/1701"}],"wp:attachment":[{"href":"http:\/\/www.rougier-atelier.com\/index.php?rest_route=%2Fwp%2Fv2%2Fmedia&parent=1700"}],"wp:term":[{"taxonomy":"product_brand","embeddable":true,"href":"http:\/\/www.rougier-atelier.com\/index.php?rest_route=%2Fwp%2Fv2%2Fproduct_brand&post=1700"},{"taxonomy":"product_cat","embeddable":true,"href":"http:\/\/www.rougier-atelier.com\/index.php?rest_route=%2Fwp%2Fv2%2Fproduct_cat&post=1700"},{"taxonomy":"product_tag","embeddable":true,"href":"http:\/\/www.rougier-atelier.com\/index.php?rest_route=%2Fwp%2Fv2%2Fproduct_tag&post=1700"}],"curies":[{"name":"wp","href":"https:\/\/api.w.org\/{rel}","templated":true}]}}