{"id":1756,"date":"2017-09-09T07:26:57","date_gmt":"2017-09-09T06:26:57","guid":{"rendered":"http:\/\/www.rougier-atelier.com\/?post_type=product&#038;p=1756"},"modified":"2017-09-09T07:26:57","modified_gmt":"2017-09-09T06:26:57","slug":"ficelle-131-les-jeux-du-je","status":"publish","type":"product","link":"http:\/\/www.rougier-atelier.com\/?product=ficelle-131-les-jeux-du-je","title":{"rendered":"ficelle 131 &#8211; LES JEUX DU JE"},"content":{"rendered":"<p><strong>\u00a0AMUSEMENT LITT\u00c9RAIRE<\/strong><b>.\u00a0<\/b>Jeux de sens, d\u2019associations d\u2019id\u00e9es, de mots. Suggestions. Jeux de pens\u00e9es avec le langage forts appr\u00e9ci\u00e9s des surr\u00e9alistes.<\/p>\n<p><i>\u00ab<\/i><i>Les trottinettes \u2014 poussent \u2014 comme un cheval en deuil.\u00a0<\/i><i>\u00ab<\/i><i>Tout \u2014 est la trottinette \u2014 multi-usage du temps.\u00a0<\/i><i>\u00ab<\/i><i>Le temps \u2014 n\u2019est qu\u2019une bijection \u2014 de tous \u00e0 soi&#8230;!<\/i><\/p>\n<p>Bio\/biblio :<\/p>\n<p><strong>Gr\u00e9goire Cabanne<\/strong> est n\u00e9 en 1980 au Gabon. Enfance heureuse et proche de la nature, consacr\u00e9e essentiellement aux arts plastiques. Il rentre en France en 1988 et y commence ses premi\u00e8res lectures.<\/p>\n<p>Apr\u00e8s un d\u00e9but d\u2019adolescence en banlieue parisienne, il part faire son lyc\u00e9e \u00e0 Paris, au lyc\u00e9e Henri IV, o\u00f9 il reste jusqu\u2019en hypokh\u00e2gne.<\/p>\n<p>Suivent deux ann\u00e9es de kh\u00e2gne, successivement \u00e0 Victor Duruy et Condorcet, et de nombreuses admissibilit\u00e9s aux concours des grandes \u00e9coles, dont aucun oral ne s\u2019av\u00e8re concluant.<\/p>\n<p>Apr\u00e8s une double licence \u00e0 la fac (Paris IV) en Lettres modernes et Philosophie, il int\u00e8gre le CELSA o\u00f9 il passe quatre ans.<\/p>\n<p>Gr\u00e9goire travaille alors dans un premier temps dans le Marketing, qu\u2019il quitte, d\u00e9\u00e7u, en 2011, pour se consacrer \u00e0 l\u2019\u00e9criture. Il rejoint alors la banlieue parisienne, d\u2019o\u00f9 il travaille aujourd\u2019hui.<\/p>\n<p><b>Parutions : <\/b>Recueils de po\u00e9sie :<\/p>\n<p>&#8211; \u00ab Les Nuits de Gr\u00e2ce : Une Adolescence Amoureuse \u00bb, paru aux Editions Kirographaires en 2012 (repris par Edilivre en 2014 sans formatage de couverture par l\u2019auteur ni diffusion particuli\u00e8re que l\u2019\u00e9diteur lui-m\u00eame\u2026)<\/p>\n<p>&#8211; \u00ab Utopia \u00bb, Editions MMM, Michel Vray, 2011 : recueil extrait des Nuits de Gr\u00e2ces, \u00e9dition d\u2019art illustr\u00e9e, tirage limit\u00e9 \u00e0 50 ex.<\/p>\n<p>&#8211; \u00ab Le Chant de l\u2019Arm\u00e9 \u00bb, Editions MMM La Calliphane, M.V., 2012 : id.<\/p>\n<p><b>Revues :<\/b><\/p>\n<p>&#8211; Revue Art\u2019en-ciel, Association Po\u00e8mes \u00e9pars, Ivan Watelle, Lyon :<\/p>\n<p>Revue n\u00b08, n\u00b016, n\u00b022, n\u00b0 25-26.<\/p>\n<p>&#8211; La Revue X\u00e9ro, Atelier les X\u00e9orgraphes, Paris XVIIIe : \/10, \u00ab Des Animaux et des Hommes \u00bb.<\/p>\n<p>&#8211; Revue L\u2019Intranquille, Atelier de l\u2019Agneau \u00e9diteur, F. Favretto, J. Esponde (suite aux Chroniques errantes et critiques), St-Quentin- de-Caplong : n\u00b06, n\u00b07, n\u00b0 10.<\/p>\n<p>&#8211; Revue Comme en Po\u00e9sie, J.-P. Lesieur, Hossegor : n\u00b061, n\u00b064.<\/p>\n<p>&#8211; Revue La Passe, Ph. Blondeau &amp; Tristan F\u00e9lix, n\u00b021 (pp. 73-83, avec illus trations de Jonathan Bougard), \u00ab Morts de Rire \u00bb<\/p>\n<p>&#8211; Revue Portulan Bleu, Martine Magtyar, Editions Voix Tiss\u00e9es, Montrouge<\/p>\n<p>n\u00b0 19, n\u00b020.<\/p>\n<p><b>Sur Internet :<\/b><\/p>\n<p>&#8211; Le Capital des Mots, Eric Dubois, 3 parutions<\/p>\n<p>&#8211; La Plan\u00e8te des Signes, Jean-Bernard Thomas, \u00ab s\u00e9rie \u00bb en cours (9 \u00ab \u00e9pisodes \u00bb mensuels parus, deux encore pr\u00e9vus pour la premi\u00e8re saison, saison 2 pr\u00e9vue pour l\u2019an prochain&#8230;)<\/p>\n<p>&nbsp;<\/p>\n","protected":false},"excerpt":{"rendered":"<p><strong>Aut. : Gr\u00e9goire Cabanne, ill.V. Rougier<\/strong><br \/>\nISSN 1252-5405 &#8211; ISBN 979-10-93019-36-9<br \/>\nPo\u00e9sie D\u00e9rive Oulipienne &#8211; <strong>Micro\u00e8mes<\/strong><br \/>\nLivret broch\u00e9 couture plate 40p couleurs, en enveloppe MailArt 10,5 x 15 cm.<\/p>\n","protected":false},"featured_media":1757,"template":"","meta":[],"product_brand":[],"product_cat":[16,15],"product_tag":[490,237,492,491,493,40],"class_list":{"0":"post-1756","1":"product","2":"type-product","3":"status-publish","4":"has-post-thumbnail","6":"product_cat-les-editions","7":"product_cat-revue-ficelleplisurgents","8":"product_tag-490","9":"product_tag-ficelle","10":"product_tag-gregoire-cabanne","11":"product_tag-les-jeux-du-je","12":"product_tag-microemes","13":"product_tag-vincent-rougier","15":"first","16":"instock","17":"shipping-taxable","18":"purchasable","19":"product-type-simple"},"_links":{"self":[{"href":"http:\/\/www.rougier-atelier.com\/index.php?rest_route=\/wp\/v2\/product\/1756","targetHints":{"allow":["GET"]}}],"collection":[{"href":"http:\/\/www.rougier-atelier.com\/index.php?rest_route=\/wp\/v2\/product"}],"about":[{"href":"http:\/\/www.rougier-atelier.com\/index.php?rest_route=\/wp\/v2\/types\/product"}],"wp:featuredmedia":[{"embeddable":true,"href":"http:\/\/www.rougier-atelier.com\/index.php?rest_route=\/wp\/v2\/media\/1757"}],"wp:attachment":[{"href":"http:\/\/www.rougier-atelier.com\/index.php?rest_route=%2Fwp%2Fv2%2Fmedia&parent=1756"}],"wp:term":[{"taxonomy":"product_brand","embeddable":true,"href":"http:\/\/www.rougier-atelier.com\/index.php?rest_route=%2Fwp%2Fv2%2Fproduct_brand&post=1756"},{"taxonomy":"product_cat","embeddable":true,"href":"http:\/\/www.rougier-atelier.com\/index.php?rest_route=%2Fwp%2Fv2%2Fproduct_cat&post=1756"},{"taxonomy":"product_tag","embeddable":true,"href":"http:\/\/www.rougier-atelier.com\/index.php?rest_route=%2Fwp%2Fv2%2Fproduct_tag&post=1756"}],"curies":[{"name":"wp","href":"https:\/\/api.w.org\/{rel}","templated":true}]}}