{"id":2240,"date":"2019-01-12T10:33:59","date_gmt":"2019-01-12T09:33:59","guid":{"rendered":"http:\/\/www.rougier-atelier.com\/?post_type=product&#038;p=2240"},"modified":"2021-12-11T17:52:02","modified_gmt":"2021-12-11T16:52:02","slug":"ficelle-n136-lagendada","status":"publish","type":"product","link":"http:\/\/www.rougier-atelier.com\/?product=ficelle-n136-lagendada","title":{"rendered":"ficelle n\u00b0136 &#8211; L&rsquo;AGENDADA"},"content":{"rendered":"<p><strong>Werner Lambersy<\/strong>, grand po\u00e8te, prosateur, observateur, nous offre<br \/>\nquelques notes \u00e9ruptives que vous d\u00e9couvrirez en quatre livrets,<br \/>\nquatre \u00absaisons\u00bb, \u00abcomme \u00e0 la t\u00e9l\u00e9\u00bb au fil des ann\u00e9es \u00e0 venir.<br \/>\n<strong>Yves Barr\u00e9<\/strong> l\u2019illustre avec spontan\u00e9it\u00e9 de quelques \u00abculs-de-lampe\u00bb<br \/>\net une linogravure.<br \/>\n<em>\u00abM\u00eame les anges sont victimes de trous d\u2019air\u00bb<br \/>\nOn se demande<br \/>\npourquoi les anges ont des ailes,<br \/>\npour fair e quoi, o\u00f9 se poser ?\u00bb<\/em><br \/>\nWerner Lambersy<br \/>\nest un po\u00e8te belge n\u00e9 \u00e0 Anvers le 16 novembre 1941 et vivant aujourd\u2019hui<br \/>\n\u00e0 Paris. Auteur d\u2019une centaine d\u2019ouvrages (grands et petits \u00e9diteurs), il est<br \/>\nconsid\u00e9r\u00e9 comme une voix majeure de la<br \/>\nlitt\u00e9rature francophone. Il a re\u00e7u de nombreux prix.<br \/>\nChez le m\u00eame \u00e9diteur :<br \/>\nfb n\u00b065 &amp; 74 &#8211; ISSN 1252-5405 Werner Lambersy &amp; Vincent Rougier<br \/>\n\u2014 VU DU TRAIN<br \/>\n978-2-913040-80-0 Werner Lambersy &amp; Ga\u00eblle Pelachaud \u2014 PARIS<br \/>\nPARIS ALLER RETOUR<br \/>\nf.th\u00e9\u00e2tre &#8211; 978-2-913040-35-9 Werner Lambersy &amp; P. Castex Menier<br \/>\n\u2014 LE ROI BERDAGOT (Th\u00e9\u00e2tre -jeunesse)<br \/>\n978-2-913040-99-3 Werner Lambersy &amp; A.M. Vesco \u2014 OPSIMATH<br \/>\nPP-N\u00b037 &#8211;<br \/>\n979-10-93019-11-6 Werner Lambersy &amp; A.M. Vesco \u2014 DERNI\u00c8RES<br \/>\nNOUVELLES D\u2019ULYSSE<br \/>\n978-2-913040-45-1 W. Lambersy &amp; V. Rougier \u2014 LA D\u00c9CLARATION<br \/>\nYves Barr\u00e9 :<br \/>\nN\u00e9 en 1949, <strong>Yves Barr\u00e9<\/strong> vit dans la campagne sarthoise. \u00ab Po\u00e8te<br \/>\nd\u00e9finitivement inclassable \u00bb, selon la d\u00e9finition du Prix Claude<br \/>\nRibouillault qui lui a \u00e9t\u00e9 d\u00e9cern\u00e9 en 2003, Yves Barr\u00e9 \u00e9crit, dessine,<br \/>\npeint, sculpte.<br \/>\n913040-95-0 Jean-Claude Touzeil &amp; Yves Barr\u00e9 \u2014 URTICANTES<br \/>\n979-10-93019-04-8 Yves Barr\u00e9 \u2014 \u00c9TAT DE CHAISES<br \/>\n979-10-93019-13-0 Jacques Coly &amp; Yves Barr\u00e9 \u2014 APHORISMES<br \/>\n(Po\u00e9sie humour)<br \/>\n979-10-93019-48-2 Paul Badin &amp; Yves Barr\u00e9 \u2014 OISEAUX (jeunesse)<br \/>\n979-10-93019-51-2 Werner Lambersy &amp; Yves Barr\u00e9 \u2014 AGENDADA<\/p>\n","protected":false},"excerpt":{"rendered":"<p><strong>Werner Lambersy &#8211; ill. <a href=\"http:\/\/ahoui.eklablog.com\/\">Yves Barr\u00e9<\/a><\/strong><br \/>\nLivret broch\u00e9 couture plate, 300 ex.<br \/>\net 10 ex. en coffrets tirages de t\u00eate<br \/>\nagr\u00e9ment\u00e9s d\u2019une gravure originale.<br \/>\nPr\u00e9sent\u00e9 en enveloppe \u00abMail Art\u00bb<br \/>\n28 p., 10,5 x 15 cm.<br \/>\nTirage courant : 9\u20ac<br \/>\nISSN 1252-5405<br \/>\nISBN 979-10-93019-51-2<br \/>\n\u00c9lectre : ee.electre.com<br \/>\nGescom &#8211; Dilicom<\/p>\n<p>Aphorismes : Oui, ces courts propos parfois d\u00e9routants,<br \/>\nimpertinents qui lib\u00e8rent notre esprit encombr\u00e9 par d\u2019\u00e9videntes<br \/>\nabsurdit\u00e9s rencontr\u00e9es au quotidien !<\/p>\n","protected":false},"featured_media":2241,"template":"","meta":[],"product_brand":[],"product_cat":[16,15],"product_tag":[574,559,576,575,150],"class_list":{"0":"post-2240","1":"product","2":"type-product","3":"status-publish","4":"has-post-thumbnail","6":"product_cat-les-editions","7":"product_cat-revue-ficelleplisurgents","8":"product_tag-574","9":"product_tag-agendada","10":"product_tag-ficelle-136","11":"product_tag-lambersy-werner","12":"product_tag-barre","14":"first","15":"instock","16":"shipping-taxable","17":"purchasable","18":"product-type-simple"},"_links":{"self":[{"href":"http:\/\/www.rougier-atelier.com\/index.php?rest_route=\/wp\/v2\/product\/2240","targetHints":{"allow":["GET"]}}],"collection":[{"href":"http:\/\/www.rougier-atelier.com\/index.php?rest_route=\/wp\/v2\/product"}],"about":[{"href":"http:\/\/www.rougier-atelier.com\/index.php?rest_route=\/wp\/v2\/types\/product"}],"wp:featuredmedia":[{"embeddable":true,"href":"http:\/\/www.rougier-atelier.com\/index.php?rest_route=\/wp\/v2\/media\/2241"}],"wp:attachment":[{"href":"http:\/\/www.rougier-atelier.com\/index.php?rest_route=%2Fwp%2Fv2%2Fmedia&parent=2240"}],"wp:term":[{"taxonomy":"product_brand","embeddable":true,"href":"http:\/\/www.rougier-atelier.com\/index.php?rest_route=%2Fwp%2Fv2%2Fproduct_brand&post=2240"},{"taxonomy":"product_cat","embeddable":true,"href":"http:\/\/www.rougier-atelier.com\/index.php?rest_route=%2Fwp%2Fv2%2Fproduct_cat&post=2240"},{"taxonomy":"product_tag","embeddable":true,"href":"http:\/\/www.rougier-atelier.com\/index.php?rest_route=%2Fwp%2Fv2%2Fproduct_tag&post=2240"}],"curies":[{"name":"wp","href":"https:\/\/api.w.org\/{rel}","templated":true}]}}