{"id":2656,"date":"2020-09-08T17:15:08","date_gmt":"2020-09-08T16:15:08","guid":{"rendered":"http:\/\/www.rougier-atelier.com\/?post_type=product&#038;p=2656"},"modified":"2020-10-28T12:08:56","modified_gmt":"2020-10-28T11:08:56","slug":"ce-qui-vient-de-lumiere","status":"publish","type":"product","link":"http:\/\/www.rougier-atelier.com\/?product=ce-qui-vient-de-lumiere","title":{"rendered":"PU57 &#8211; CE QUI VIENT DE LUMI\u00c8RE"},"content":{"rendered":"<p>N\u00e9 d\u2019une \u2018Lumi\u00e8re-poussi\u00e8re-d\u2019\u00e9toile\u2019, la vie, la nature, le temps et le regard, ce po\u00e8me en quatre actes est illustr\u00e9 par \u2018ce qui vient \u2019 du pinceau de l\u2019artiste.<\/p>\n<p><strong>Jacqueline Persini<\/strong><br \/>\nA publi\u00e9 une vingtaine de livres de po\u00e9sie o\u00f9 cohabitent le ludique et le grave. Elle participe \u00e0 de nombreuses revues, anthologies, livres d\u2019artistes et fait partie du comit\u00e9 de r\u00e9daction de Po\u00e9sie Premi\u00e8re.<\/p>\n<p><strong>Matt Mahlem<\/strong><br \/>\nN\u00e9 \u00e0 Nantes en 1968, Vit \u00e0 Strasbourg., plasticienpo\u00e8te qui d\u00e9veloppe un travail visuel m\u00ealant land-art, interventions in situ et performances orales.<br \/>\nSimple bricoleur vagabond des mots, des papiers et des<br \/>\ncouleurs, Matt Mahlen est, depuis 2017, l\u2019entrepreneur en chef d\u2019 A comme Bleu, l\u2019insolite design. Collabore aussi \u00e0 la Cie Erectus, travaille au sein du groupe de reggae INDIKA , Matt est le fondateur de PO&amp;zik, un duo de<br \/>\npo\u00e9sie dite et de piano jazz avec Martin Sadoux. Publications r\u00e9centes :<br \/>\nLes Chemins de mots, Cordel n\u00b02 de PO&amp;zik, livret s\u00e9rigraphi\u00e9 de 11 textes et 5 linogravures, un CD, Paper et Upsidedown, 2019.<br \/>\nMa main sur le papier court, 11 po\u00e8mes typographi\u00e9s, linogravures de Titi Berg\u00e8se, Choisi n\u00b044, Atelier de Groutel, 2019. La langue verte, illustrations de Yves Barr\u00e9, Donner \u00e0 voir \u00e9ditions Coll. Tango), \u00e0 para\u00eetre 2020.<br \/>\nSite personnel:<span style=\"color: #0000ff;\"><a style=\"color: #0000ff;\" href=\"http:\/\/mattmahlen.zone\/\"> http:\/\/mattmahlen.zone\/<\/a><\/span><\/p>\n","protected":false},"excerpt":{"rendered":"<p><strong>Jacqueline Persini \u2014 Matt Mahlen<\/strong><br \/>\nPO\u00c9SIE \u2014 PEINTURE<\/p>\n<p>Livre broch\u00e9 en jaquette, 300 ex.\u00a0num\u00e9rot\u00e9s &#8211; 36 p., 10.5 x 15 cm,\u00a0papier verg\u00e9 Collora-book.<br \/>\nISBN 979-10-93019-65-9<br \/>\nISSN 1252 5405<br \/>\nDisponible sur :<br \/>\nGencod Dilicom 310 559 410 44 10<br \/>\nElectre, SFL et Rougier-atelier.<\/p>\n<p><span style=\"color: #800080;\">N\u00e9 d\u2019une <i>\u2018<span style=\"color: #000000;\">Lumi\u00e8re-poussi\u00e8re-d\u2019\u00e9toile<\/span>\u2019, <\/i>la vie, la nature,\u00a0le temps et le regard, ce po\u00e8me en quatre actes est\u00a0illustr\u00e9 par \u2018<span style=\"color: #000000;\"><i>ce qui vient <\/i><\/span>\u2019 du pinceau de l\u2019artiste.<\/span><\/p>\n","protected":false},"featured_media":2651,"template":"","meta":[],"product_brand":[],"product_cat":[16,17,459],"product_tag":[645,646,647,648,649],"class_list":{"0":"post-2656","1":"product","2":"type-product","3":"status-publish","4":"has-post-thumbnail","6":"product_cat-les-editions","7":"product_cat-plis-urgents","8":"product_cat-poesie-peinture","9":"product_tag-645","10":"product_tag-ce-qui-vient-de-lumiere","11":"product_tag-jacqueline-persini","12":"product_tag-matt-mahlem","13":"product_tag-pu57","15":"first","16":"instock","17":"featured","18":"shipping-taxable","19":"purchasable","20":"product-type-simple"},"_links":{"self":[{"href":"http:\/\/www.rougier-atelier.com\/index.php?rest_route=\/wp\/v2\/product\/2656","targetHints":{"allow":["GET"]}}],"collection":[{"href":"http:\/\/www.rougier-atelier.com\/index.php?rest_route=\/wp\/v2\/product"}],"about":[{"href":"http:\/\/www.rougier-atelier.com\/index.php?rest_route=\/wp\/v2\/types\/product"}],"wp:featuredmedia":[{"embeddable":true,"href":"http:\/\/www.rougier-atelier.com\/index.php?rest_route=\/wp\/v2\/media\/2651"}],"wp:attachment":[{"href":"http:\/\/www.rougier-atelier.com\/index.php?rest_route=%2Fwp%2Fv2%2Fmedia&parent=2656"}],"wp:term":[{"taxonomy":"product_brand","embeddable":true,"href":"http:\/\/www.rougier-atelier.com\/index.php?rest_route=%2Fwp%2Fv2%2Fproduct_brand&post=2656"},{"taxonomy":"product_cat","embeddable":true,"href":"http:\/\/www.rougier-atelier.com\/index.php?rest_route=%2Fwp%2Fv2%2Fproduct_cat&post=2656"},{"taxonomy":"product_tag","embeddable":true,"href":"http:\/\/www.rougier-atelier.com\/index.php?rest_route=%2Fwp%2Fv2%2Fproduct_tag&post=2656"}],"curies":[{"name":"wp","href":"https:\/\/api.w.org\/{rel}","templated":true}]}}