{"id":2691,"date":"2020-10-16T14:06:24","date_gmt":"2020-10-16T13:06:24","guid":{"rendered":"http:\/\/www.rougier-atelier.com\/?post_type=product&#038;p=2691"},"modified":"2020-12-04T18:37:38","modified_gmt":"2020-12-04T17:37:38","slug":"ficelle-143-coffret-tirage-de-tete-genesiques-poemes","status":"publish","type":"product","link":"http:\/\/www.rougier-atelier.com\/?product=ficelle-143-coffret-tirage-de-tete-genesiques-poemes","title":{"rendered":"ficelle 143 coffret tirage de t\u00eate &#8211; G\u00c9N\u00c9SIQUES PO\u00c8MES"},"content":{"rendered":"<p>Nous entrons dans l\u2019intime f\u00e9minin, po\u00e9sie v\u00e9g\u00e9tale \u00e0 fleur\u00a0de peau, l\u2019esprit du sensuel partag\u00e9.\u00a0En d\u00e9couvrant ces po\u00e8mes et en les illustrant \u00abAi-je \u00e9t\u00e9 le\u00a0papillon ou l\u2019abeille qui, gourmande, butine cette fleur ou ai-je\u00a0r\u00eav\u00e9 d\u2019\u00eatre cette fleur, son pistil ? \u00ab<\/p>\n<p>\u00c0 vous cher lecteur de partager ces gourmandises.<\/p>\n","protected":false},"excerpt":{"rendered":"<p><strong>G\u00c9N\u00c9SIQUES PO\u00c8MES <\/strong>de<strong> NICOLE BARROM\u00c9<\/strong><\/p>\n<p>Gravure originale de Vincent Rougier<\/p>\n<p>Livret broch\u00e9 couture plate, 10 ex. 48p,\u00a0Couverture \u00e0 trois rabats, agr\u00e9ment\u00e9e d&rsquo;un \u00ab\u00a0froiss\u00e9\u00a0\u00bb et d&rsquo;une gravure originale.\u00a010,5 x 15 cm.<\/p>\n<p>Tirage bibliophilie :80\u20ac<\/p>\n<p>ISSN 1252-5405 &#8211;\u00a0ISBN 979-10-93019-67-3<\/p>\n<p>&nbsp;<\/p>\n","protected":false},"featured_media":2686,"template":"","meta":[],"product_brand":[],"product_cat":[191,16,15,229,19],"product_tag":[650,652,40],"class_list":{"0":"post-2691","1":"product","2":"type-product","3":"status-publish","4":"has-post-thumbnail","6":"product_cat-beaux-arts","7":"product_cat-les-editions","8":"product_cat-revue-ficelleplisurgents","9":"product_cat-les-froisses-les-plisses","10":"product_cat-livres-dartiste","11":"product_tag-650","12":"product_tag-genesiques-poemes","13":"product_tag-vincent-rougier","15":"first","16":"instock","17":"shipping-taxable","18":"purchasable","19":"product-type-simple"},"_links":{"self":[{"href":"http:\/\/www.rougier-atelier.com\/index.php?rest_route=\/wp\/v2\/product\/2691","targetHints":{"allow":["GET"]}}],"collection":[{"href":"http:\/\/www.rougier-atelier.com\/index.php?rest_route=\/wp\/v2\/product"}],"about":[{"href":"http:\/\/www.rougier-atelier.com\/index.php?rest_route=\/wp\/v2\/types\/product"}],"wp:featuredmedia":[{"embeddable":true,"href":"http:\/\/www.rougier-atelier.com\/index.php?rest_route=\/wp\/v2\/media\/2686"}],"wp:attachment":[{"href":"http:\/\/www.rougier-atelier.com\/index.php?rest_route=%2Fwp%2Fv2%2Fmedia&parent=2691"}],"wp:term":[{"taxonomy":"product_brand","embeddable":true,"href":"http:\/\/www.rougier-atelier.com\/index.php?rest_route=%2Fwp%2Fv2%2Fproduct_brand&post=2691"},{"taxonomy":"product_cat","embeddable":true,"href":"http:\/\/www.rougier-atelier.com\/index.php?rest_route=%2Fwp%2Fv2%2Fproduct_cat&post=2691"},{"taxonomy":"product_tag","embeddable":true,"href":"http:\/\/www.rougier-atelier.com\/index.php?rest_route=%2Fwp%2Fv2%2Fproduct_tag&post=2691"}],"curies":[{"name":"wp","href":"https:\/\/api.w.org\/{rel}","templated":true}]}}