{"id":2875,"date":"2022-03-08T12:25:46","date_gmt":"2022-03-08T11:25:46","guid":{"rendered":"http:\/\/www.rougier-atelier.com\/?post_type=product&#038;p=2875"},"modified":"2022-05-02T11:10:54","modified_gmt":"2022-05-02T10:10:54","slug":"erotomlash-livret-1-2","status":"publish","type":"product","link":"http:\/\/www.rougier-atelier.com\/?product=erotomlash-livret-1-2","title":{"rendered":"\u00c9rotoMlash &#8211; Livret 1 &#038; 2"},"content":{"rendered":"<p>Alexis Pelletier, \u00e9crivain habite et travaille \u00e0 Rouen, pratique la litt\u00e9rature, la musicologie et l\u2019enseignement. En po\u00e9sie et th\u00e9\u00e2tre, Mlash croise ses doubles Zipw\u00e9 et Pluk &#8211; trois personnages \u00e0 l\u2019encontre du propos po\u00e9tique ? Mais la po\u00e9sie, la forme et la libert\u00e9 choisie de sa contrainte ne m\u00e8nent-elle pas au non-po\u00e8me versifi\u00e9 ? *<br \/>\nDans ces carnets retrouv\u00e9s, Zipw\u00e9 et Mlash partagent le d\u00e9sir et en jouent sous le regard amus\u00e9 du grand absent Pluk.<\/p>\n<p>Extrait : <em>UN ENTRETIEN POST-LUDIQUE<\/em><strong><\/p>\n<p>L&rsquo;\u00e9diteur \u2014 Et Zipw\u00e9, c&rsquo;est qui, c&rsquo;est quoi ?<br \/>\nL\u2019auteur \u2013 Je ne le sais pas plus que Mlash.<br \/>\nL\u2019\u00e9diteur \u2013 Tu veux dire que Mlash ne sait pas qui est Zipw\u00e9 ?<br \/>\nL\u2019auteur \u2013 Ce n\u2019est pas ce que je voulais dire dans l\u2019instant. M\u00eame si en effet, Mlash ne peut pas savoir qui est Zipw\u00e9\u2026<br \/>\nL\u2019\u00e9diteur \u2013 Alors ?<br \/>\nL\u2019auteur \u2013 Ce que voulais dire, c\u2019est que je ne sais pas plus qui est Zipw\u00e9 que qui est Mlash.<br \/>\nL\u2019\u00e9diteur \u2013 Tu es pourtant l\u2019auteur.<br \/>\nL\u2019auteur \u2013 C\u2019est une curieuse notion. Tr\u00e8s r\u00e9cente, en somme, dans notre Histoire commune. Et je ne sais pas tr\u00e8s bien qui sont ce Mlash et cette Zipw\u00e9 dont tu voudrais que je te parle.<br \/>\nL\u2019\u00e9diteur \u2013 Mlash existe, tu l\u2019as rencontr\u00e9, faudrait-il dire\u2026<br \/>\nL\u2019auteur \u2013 Je n\u2019ai jamais rencontr\u00e9 Zipw\u00e9. Et je ne sais pas bien \u00e0 quoi elle ressemble. Si ce n\u2019est que son pr\u00e9nom est le verlan de ce vers quoi l\u2019\u00e9criture de Mlash, selon ses propres mots, ne tend jamais.<br \/>\nL\u2019\u00e9diteur \u2013 Si bien que Zipw\u00e9 est tr\u00e8s agissante\u2026 Ma langue, avec cette derni\u00e8re affirmation redoutant un nouveau lapsus qui me serait fatal. Zipw\u00e9 n\u2019est point tr\u00e8s aguichante.<br \/>\nL\u2019auteur \u2013 Aguicher est un verbe qui sent sa dose de misogynie. Un homme n\u2019est jamais aguicheur ou aguichant\u2026 Pourquoi ?<br \/>\nZipw\u00e9 est parfois tr\u00e8s masculine parce que la po\u00e9sie a toujours \u00e9t\u00e9 transgenre. Et Mlash aussi est un personnage transgenre. Pas seulement parce qu\u2019il traverse les genre, le po\u00e8me, le th\u00e9\u00e2tre, la fiction voire l\u2019essai.<br \/>\nL\u2019\u00e9diteur \u2013 Tu veux dire qu\u2019il est \u00e0 la mode ?<br \/>\nL\u2019auteur \u2013 Si tu m\u2019\u00e9dites, c\u2019est que tu dois le croire aussi<br \/>\nL\u2019\u00e9diteur \u2013 Sans doute. Et je m\u00e9dite aussi\u2026 Mais quand tu as envoy\u00e9 ces deux livrets, j\u2019ai \u00e9t\u00e9 surpris des changements de registres et des glissements de sens. J\u2019ai eu l\u2019impression qu\u2019il y avait plusieurs \u00e9crivains. Mlash et Zipw\u00e9, en somme.<br \/>\nL\u2019auteur \u2013 Cette lecture n\u2019engage que toi. Mlash et Mlash, il me semble.<br \/>\nL\u2019\u00e9diteur \u2013 Comment t\u2019appelles-tu, en somme ?<br \/>\nL\u2019auteur \u2013 Mlash, il me semble.<br \/>\nL\u2019\u00e9diteur \u2013 Es-tu po\u00e8te ?<br \/>\nL\u2019auteur \u2013 On le dit parfois.<br \/>\nL\u2019\u00e9diteur \u2013 Je veux dire : es-tu fid\u00e8le \u00e0 la po\u00e9sie ?<br \/>\nL\u2019auteur \u2013 Quelle curieuse question ?<br \/>\nL\u2019\u00e9diteur \u2013 Et \u00e0 Zipw\u00e9 ?<br \/>\nL\u2019auteur \u2013 Peut-on \u00eatre infid\u00e8le \u00e0 quelqu\u2019un qu\u2019on n\u2019atteint jamais ?<br \/>\nL\u2019\u00e9diteur \u2013 Mais si c\u2019est toi, l\u2019auteur ?<br \/>\nL\u2019auteur \u2013 Tu peux aussi \u00eatre bisexuel ou te sentir parfois un peu plus femme qu\u2019homme, n\u2019est-ce pas ? Cela te poserait probl\u00e8me\u2026 ? J\u2019ai lu quelque part que les meilleurs po\u00e8tes \u00e9taient des femmes et j\u2019ai cru que seul un homme pouvait \u00e9crire cela. Mais le masculin, le f\u00e9minin perdent un peu de sens, les directions sont souvent invers\u00e9es quand tu te confrontes aux mots. Et je suis toujours saisi quand je te dis cela de la proximit\u00e9 entre les mots morts et mots. Mlash est un personnage transgenre.<br \/>\nL\u2019\u00e9diteur \u2013 Je ne suis pas s\u00fbr de te suivre.<br \/>\nL\u2019auteur \u2013 Je peux te faire une d\u00e9claration d\u2019amour. Et je crois que je reste, en m\u00eame temps fid\u00e8le \u00e0 Zipw\u00e9. M\u00eame si le corps de mes mots s\u2019unit au tien. Jouons-nous une pi\u00e8ce de th\u00e9\u00e2tre ?<br \/>\nL\u2019\u00e9diteur \u2013 Je ne m\u2019attendais pas \u00e0 cela.<br \/>\nL\u2019auteur \u2013 Est-ce qu\u2019on pr\u00e9voit jamais ce qu\u2019on va dire, quand on \u00e9crit ?<br \/>\nL\u2019\u00e9diteur \u2013 \u00c9rotoMlash pourrait donc \u00eatre un cri d\u2019amour \u00e0 Zipw\u00e9, aux mots et aux morts.<br \/>\nL\u2019auteur \u2013 Et \u00e0 toi aussi, dans le temps divis\u00e9.<br \/>\nL\u2019\u00e9diteur \u2013 Que je sois fictif ou non. Et je m\u2019aper\u00e7ois seulement qu\u2019entre l\u2019auteur et l\u2019autre, les lettres sont presque les m\u00eames.<br \/>\nL\u2019auteur \u2013 Et moi de faire l\u2019amour avec ce presque. <\/p>\n<p>A.P\/V.R<\/p>\n","protected":false},"excerpt":{"rendered":"<p>Livret 1 &#038; 2<br \/>\nAvant-propos de l\u2019\u00e9diteur<br \/>\nUne m\u00e9canique<br \/>\nLa voix les seins<br \/>\nUn souvenir<br \/>\nFragments \u00e9l\u00e9giaques<br \/>\nDe dos<br \/>\nUn entretien post-ludique<\/p>\n<p>ISBN 979-10-93019-72-7<br \/>\n et<br \/>\nISBN 979-10-93019-75-8<br \/>\nLes N\u00b061 et 62e de la collection PlisUrgents sont<br \/>\nimprim\u00e9s \u00e0 300 exemplaires num\u00e9rot\u00e9s sur <em>Verg\u00e9 Corolla book<\/em><strong><\/strong> et<br \/>\n8 ex., tirage de t\u00eate en coffret agr\u00e9ment\u00e9 d\u2019une gravure taille-douce originale.<\/p>\n","protected":false},"featured_media":2876,"template":"","meta":[],"product_brand":[],"product_cat":[16,17],"product_tag":[73,675,223,40],"class_list":{"0":"post-2875","1":"product","2":"type-product","3":"status-publish","4":"has-post-thumbnail","6":"product_cat-les-editions","7":"product_cat-plis-urgents","8":"product_tag-alexis-pelletier","9":"product_tag-erotomlash","10":"product_tag-rougier-v-ed","11":"product_tag-vincent-rougier","13":"first","14":"instock","15":"featured","16":"shipping-taxable","17":"purchasable","18":"product-type-simple"},"_links":{"self":[{"href":"http:\/\/www.rougier-atelier.com\/index.php?rest_route=\/wp\/v2\/product\/2875","targetHints":{"allow":["GET"]}}],"collection":[{"href":"http:\/\/www.rougier-atelier.com\/index.php?rest_route=\/wp\/v2\/product"}],"about":[{"href":"http:\/\/www.rougier-atelier.com\/index.php?rest_route=\/wp\/v2\/types\/product"}],"wp:featuredmedia":[{"embeddable":true,"href":"http:\/\/www.rougier-atelier.com\/index.php?rest_route=\/wp\/v2\/media\/2876"}],"wp:attachment":[{"href":"http:\/\/www.rougier-atelier.com\/index.php?rest_route=%2Fwp%2Fv2%2Fmedia&parent=2875"}],"wp:term":[{"taxonomy":"product_brand","embeddable":true,"href":"http:\/\/www.rougier-atelier.com\/index.php?rest_route=%2Fwp%2Fv2%2Fproduct_brand&post=2875"},{"taxonomy":"product_cat","embeddable":true,"href":"http:\/\/www.rougier-atelier.com\/index.php?rest_route=%2Fwp%2Fv2%2Fproduct_cat&post=2875"},{"taxonomy":"product_tag","embeddable":true,"href":"http:\/\/www.rougier-atelier.com\/index.php?rest_route=%2Fwp%2Fv2%2Fproduct_tag&post=2875"}],"curies":[{"name":"wp","href":"https:\/\/api.w.org\/{rel}","templated":true}]}}