{"id":2879,"date":"2022-04-07T14:42:34","date_gmt":"2022-04-07T13:42:34","guid":{"rendered":"http:\/\/www.rougier-atelier.com\/?post_type=product&#038;p=2879"},"modified":"2022-04-07T15:59:15","modified_gmt":"2022-04-07T14:59:15","slug":"pu63-lusure-du-chagrin-annie-dana-livret-1","status":"publish","type":"product","link":"http:\/\/www.rougier-atelier.com\/?product=pu63-lusure-du-chagrin-annie-dana-livret-1","title":{"rendered":"PU63 &#8211; L&rsquo;USURE DU CHAGRIN &#8211; Annie Dana &#8211; Livret 1"},"content":{"rendered":"<p><strong>Annie Dana<\/strong> N\u00e9e \u00e0 Alger, Annie Dana vit d\u00e9sormais \u00e0 Paris. Elle commence des \u00e9tudes de philosophie \u00e0 la Sorbonne, puis devient com\u00e9dienne et enseigne l\u2019art dramatique.<br \/>\n\u00c9prise de lecture, sa passion des textes la conduit \u00e0 l\u2019\u00e9criture. Elle publie deux fictions romanesques, \u00ab \u00c9blouie \u00bb (1981) et \u00ab L\u2019oracle invers\u00e9 \u00bb (1983) aux \u00c9ditions Rupture et enregistre \u00e0 France Culture une pi\u00e8ce de th\u00e9\u00e2tre \u00ab Odyssea \u00bb (1984). Depuis une vingtaine d\u2019ann\u00e9es, elle \u00e9crit des nouvelles pour des revues, anime des ateliers de th\u00e9\u00e2tre et d\u2019\u00e9criture, notamment en prison, et propose des lectures publiques, explorant les ressorts du souffle et de la voix. En 2015, gr\u00e2ce \u00e0 la rencontre d\u2019un \u00e9diteur qui lui fait confiance, elle s\u2019engage avec enthousiasme dans la pratique de la langue po\u00e9tique. Trois recueils se succ\u00e8dent.<br \/>\nPr\u00e9face de <strong>Mathias Lair<\/strong>.<br \/>\nImages de <strong>Vincent Rougier<\/strong>, \u00ab\u00a0Un tableau en cours\u00a0\u00bb<br \/>\n\u00ab\u00a0L\u2019USURE DU CHAGRIN 2e\u00a0\u00bb sera publi\u00e9 en 2023.<br \/>\nDu m\u00eame auteur, m\u00eame \u00e9diteur<br \/>\n\u00ab P\u00e9pins de Cupidon \u00bb, 979-10-93019-23-9<br \/>\n\u00ab La signature du temps \u00bb 979-10-93019-37-6<br \/>\n\u00ab Il y avait \u00bb. 979-10-93019-52-9<br \/>\nEt aux \u00e9ditions Unicit\u00e9 \u00ab Carnet de bal improbable \u00bb,<br \/>\n(nouvelles). ISBN 978-2-37355-708-4<\/p>\n","protected":false},"excerpt":{"rendered":"<p>Livre broch\u00e9 en jaquette, 300 ex. Num\u00e9rot\u00e9s &#8211;<br \/>\nPr\u00e9face de <strong>Mathias Lair<\/strong>. Images de V.Rougier \u00ab\u00a0un tableau en cours\u00a0\u00bb<br \/>\n40 p., 10.5 x 15 cm, papier verg\u00e9 Collora-book.<br \/>\nISBN 979-10-93019-76-5<br \/>\nEst aussi disponible sur : Dilicom, Electre, SFL et Rougier-atelier.<br \/>\nTirage num\u00e9rot\u00e9 courant : 16\u20ac.<\/p>\n","protected":false},"featured_media":2880,"template":"","meta":[],"product_brand":[],"product_cat":[16,17,459],"product_tag":[689,415,688,686,687,40],"class_list":{"0":"post-2879","1":"product","2":"type-product","3":"status-publish","4":"has-post-thumbnail","6":"product_cat-les-editions","7":"product_cat-plis-urgents","8":"product_cat-poesie-peinture","9":"product_tag-689","10":"product_tag-annie-dana","11":"product_tag-lusure-du-chagrin-1","12":"product_tag-mathias-clair","13":"product_tag-pu63","14":"product_tag-vincent-rougier","16":"first","17":"instock","18":"featured","19":"shipping-taxable","20":"purchasable","21":"product-type-simple"},"_links":{"self":[{"href":"http:\/\/www.rougier-atelier.com\/index.php?rest_route=\/wp\/v2\/product\/2879","targetHints":{"allow":["GET"]}}],"collection":[{"href":"http:\/\/www.rougier-atelier.com\/index.php?rest_route=\/wp\/v2\/product"}],"about":[{"href":"http:\/\/www.rougier-atelier.com\/index.php?rest_route=\/wp\/v2\/types\/product"}],"wp:featuredmedia":[{"embeddable":true,"href":"http:\/\/www.rougier-atelier.com\/index.php?rest_route=\/wp\/v2\/media\/2880"}],"wp:attachment":[{"href":"http:\/\/www.rougier-atelier.com\/index.php?rest_route=%2Fwp%2Fv2%2Fmedia&parent=2879"}],"wp:term":[{"taxonomy":"product_brand","embeddable":true,"href":"http:\/\/www.rougier-atelier.com\/index.php?rest_route=%2Fwp%2Fv2%2Fproduct_brand&post=2879"},{"taxonomy":"product_cat","embeddable":true,"href":"http:\/\/www.rougier-atelier.com\/index.php?rest_route=%2Fwp%2Fv2%2Fproduct_cat&post=2879"},{"taxonomy":"product_tag","embeddable":true,"href":"http:\/\/www.rougier-atelier.com\/index.php?rest_route=%2Fwp%2Fv2%2Fproduct_tag&post=2879"}],"curies":[{"name":"wp","href":"https:\/\/api.w.org\/{rel}","templated":true}]}}