{"id":3036,"date":"2022-12-19T10:32:54","date_gmt":"2022-12-19T09:32:54","guid":{"rendered":"http:\/\/www.rougier-atelier.com\/?post_type=product&#038;p=3036"},"modified":"2022-12-23T10:46:55","modified_gmt":"2022-12-23T09:46:55","slug":"ficelle-plis-urgents-chaumeurs-fauches-60e","status":"publish","type":"product","link":"http:\/\/www.rougier-atelier.com\/?product=ficelle-plis-urgents-chaumeurs-fauches-60e","title":{"rendered":"Abonnement ficelle \u2014 Plis Urgents &#8230;.Chaumeurs\/fauch\u00e9s &#8211; 60\u20ac"},"content":{"rendered":"<p>La revue \u00ab\u00a0ficelle\u00a0\u00bb ne publie que ce qui lui pla\u00eet et \u00e7a ne risque pas de changer. Les manuscrits non publi\u00e9s ne sont pas retourn\u00e9s, retenus ils feront l\u2019objet d\u2019un contrat \u00e9tabli dans le mois de l\u2019\u00e9dition.<br \/>\nLes Forettes, F &#8211; 61380, Soligny-la-Trappe.<br \/>\nISSN 1252 &#8211; 5405 www.rougier-atelier.com<br \/>\nrougier.atelier@wanadoo.fr 0(33) 2 33 34 50 17<\/p>\n<p><strong>Programme 2023:<\/strong><\/p>\n<p class=\"p2\">Annie Dana<span class=\"Apple-converted-space\"><br \/>\n<\/span>Alexis Pelletier<span class=\"Apple-converted-space\"><br \/>\n<\/span>Yves Barr\u00e9<span class=\"Apple-converted-space\"><br \/>\n<\/span>Pascal Comm\u00e8re<span class=\"Apple-converted-space\"><br \/>\n<\/span>Marie Morel<span class=\"Apple-converted-space\"><br \/>\n<\/span>S\u00e9verine Garnier<\/p>\n<\/p>\n<p><a href=\"http:\/\/www.rougier-atelier.com\/wp-content\/uploads\/2022\/10\/Abonnement-2023-email-copie.pdf\" target=\"_blank\" rel=\"noopener noreferrer\">T\u00e9l\u00e9charger le programme 2023 &#038; l&rsquo;abonnement<\/a><\/p>\n","protected":false},"excerpt":{"rendered":"<p>La revue \u00ab\u00a0ficelle\u00a0\u00bb ne publie que ce qui lui pla\u00eet et \u00e7a ne risque pas de changer. Les manuscrits non publi\u00e9s ne sont pas retourn\u00e9s, retenus ils feront l\u2019objet d\u2019un contrat \u00e9tabli dans le mois de l\u2019\u00e9dition.<br \/>\nLes Forettes, F &#8211; 61380, Soligny-la-Trappe.<br \/>\nISSN 1252 &#8211; 5405 www.rougier-atelier.com<br \/>\nrougier.atelier@wanadoo.fr 0(33) 2 33 34 50 17<\/p>\n<p><strong>Programme 2023:<\/strong><\/p>\n<p class=\"p2\">Annie Dana<span class=\"Apple-converted-space\"><br \/>\n<\/span>Alexis Pelletier<span class=\"Apple-converted-space\"><br \/>\n<\/span>Yves Barr\u00e9<span class=\"Apple-converted-space\"><br \/>\n<\/span>Pascal Comm\u00e8re<span class=\"Apple-converted-space\"><br \/>\n<\/span>Marie Morel<span class=\"Apple-converted-space\"><br \/>\n<\/span>S\u00e9verine Garnier<\/p>\n<\/p>\n<p><a href=\"http:\/\/www.rougier-atelier.com\/wp-content\/uploads\/2022\/10\/Abonnement-2023-email-copie.pdf\" target=\"_blank\" rel=\"noopener noreferrer\">T\u00e9l\u00e9charger le programme 2023 &#038; l&rsquo;abonnement<\/a><\/p>\n","protected":false},"featured_media":2940,"template":"","meta":[],"product_brand":[],"product_cat":[20,15],"product_tag":[],"class_list":{"0":"post-3036","1":"product","2":"type-product","3":"status-publish","4":"has-post-thumbnail","6":"product_cat-les-abonnements","7":"product_cat-revue-ficelleplisurgents","9":"first","10":"instock","11":"shipping-taxable","12":"purchasable","13":"product-type-simple"},"_links":{"self":[{"href":"http:\/\/www.rougier-atelier.com\/index.php?rest_route=\/wp\/v2\/product\/3036","targetHints":{"allow":["GET"]}}],"collection":[{"href":"http:\/\/www.rougier-atelier.com\/index.php?rest_route=\/wp\/v2\/product"}],"about":[{"href":"http:\/\/www.rougier-atelier.com\/index.php?rest_route=\/wp\/v2\/types\/product"}],"wp:featuredmedia":[{"embeddable":true,"href":"http:\/\/www.rougier-atelier.com\/index.php?rest_route=\/wp\/v2\/media\/2940"}],"wp:attachment":[{"href":"http:\/\/www.rougier-atelier.com\/index.php?rest_route=%2Fwp%2Fv2%2Fmedia&parent=3036"}],"wp:term":[{"taxonomy":"product_brand","embeddable":true,"href":"http:\/\/www.rougier-atelier.com\/index.php?rest_route=%2Fwp%2Fv2%2Fproduct_brand&post=3036"},{"taxonomy":"product_cat","embeddable":true,"href":"http:\/\/www.rougier-atelier.com\/index.php?rest_route=%2Fwp%2Fv2%2Fproduct_cat&post=3036"},{"taxonomy":"product_tag","embeddable":true,"href":"http:\/\/www.rougier-atelier.com\/index.php?rest_route=%2Fwp%2Fv2%2Fproduct_tag&post=3036"}],"curies":[{"name":"wp","href":"https:\/\/api.w.org\/{rel}","templated":true}]}}