{"id":3074,"date":"2023-05-22T08:34:57","date_gmt":"2023-05-22T07:34:57","guid":{"rendered":"http:\/\/www.rougier-atelier.com\/?post_type=product&#038;p=3074"},"modified":"2023-05-22T08:36:59","modified_gmt":"2023-05-22T07:36:59","slug":"pu-66-australie-le-temps-dun-reve-sabine-peglion","status":"publish","type":"product","link":"http:\/\/www.rougier-atelier.com\/?product=pu-66-australie-le-temps-dun-reve-sabine-peglion","title":{"rendered":"PU 66 AUSTRALIE &#8211; LE TEMPS D&rsquo;UN R\u00c8VE &#8211; SABINE P\u00c9GLION"},"content":{"rendered":"<p>Sabine P\u00e9glion. N\u00e9e \u00e0 Monaco, a \u00e9tudi\u00e9 les lettres \u00e0 Nice, soutenu<br \/>\nun doctorat sur l\u2019oeuvre de Philippe Jaccottet \u00e0 la Sorbonne,<br \/>\nenseign\u00e9 en R\u00e9gion parisienne. A pr\u00e9sent, parall\u00e8lement \u00e0<br \/>\nl\u2019\u00e9criture, elle intervient dans diff\u00e9rents \u00e9tablissements scolaires<br \/>\ncomme po\u00e8te, autour d\u2019ateliers de po\u00e9sie, permettant ainsi, \u00e0<br \/>\nun public scolaire ou non scolaire, non seulement de d\u00e9couvrir<br \/>\nle genre, mais \u00e9galement de s\u2019exercer \u00e0 l\u2019\u00e9criture de po\u00e8mes,<br \/>\net de partager son exp\u00e9rience de po\u00e8te. Par ailleurs elle a cr\u00e9\u00e9<br \/>\nune association M\u00e9taphores, dont le but est de promouvoir et<br \/>\nde faire d\u00e9couvrir la po\u00e9sie contemporaine, depuis dix ans elle<br \/>\norganise et anime des caf\u00e9s \u2014 po\u00e9sie.<br \/>\nLe go\u00fbt de la transmission et de la d\u00e9couverte de l\u2019Autre,<br \/>\ns\u2019associent, pour elle, souvent \u00e0 l\u2019occasion de voyages. Elle a pu<br \/>\nainsi mener des ateliers, faire des cours en Australie, en Gr\u00e8ce,<br \/>\nau Maroc, en Alg\u00e9rie.<br \/>\nEn d\u00e9cembre 2016, \u00e0 Milan elle a re\u00e7u le prix international de<br \/>\npo\u00e9sie \u00ab Sur les traces de L\u00e9opold Sedar Senghor \u00bb et, en mars<br \/>\n2017, elle a \u00e9t\u00e9 nomm\u00e9e ambassadrice de ce prix.<br \/>\nEn 2019 elle a \u00e9t\u00e9 nomm\u00e9e Chevalier des Arts et des Lettres.<br \/>\nUne vingtaine de recueils \u00e0 pr\u00e9sent chez diff\u00e9rents \u00e9diteurs \u2014<br \/>\ncollaboration \u00e0 de nombreuses revues de po\u00e9sie et d\u2019anthologies<br \/>\n\u2014 plusieurs po\u00e8mes traduits en anglais, grec, italien et japonais.<br \/>\nDu m\u00eame auteur, m\u00eame \u00e9diteur<br \/>\nDERRI\u00c8RE LA VITRE &#8211; ficelle N\u00b0109<br \/>\n9782913040861<br \/>\n\u00c9CRIRE \u00c0 YAOUND\u00c9 &#8211; PU 26<br \/>\n9791093019109<br \/>\nAUSTRALIE, LE TEMPS D\u2019UN R\u00caVE &#8211; PU 66 &#8211;<br \/>\n9781093019919<\/p>\n","protected":false},"excerpt":{"rendered":"<p>Livre broch\u00e9 en jaquette, 300 ex. Num\u00e9rot\u00e9s 48 p., 10.5 x 15 cm, papier verg\u00e9 Collora-book.<br \/>\nIllustrations monotypes de l&rsquo;auteure &#8211; ISBN 979-10-93019-82-6<br \/>\nTirage num\u00e9rot\u00e9 courant : 16\u20ac.<br \/>\n<strong>Australie &#8211; Le temps d\u2019un r\u00eave<\/strong>, Po\u00e8mes\/journal \u00e9crit \u00e0 trois voix lors de son quatri\u00e8me s\u00e9jour aupr\u00e8s de ses amis sur la grande \u00eele afin d\u2019y \u00ab\u00a0retrouver la confiance l\u2019\u00e9lan du premier voyage\u00a0\u00bb.<\/p>\n","protected":false},"featured_media":3075,"template":"","meta":[],"product_brand":[],"product_cat":[16,17],"product_tag":[715,716,717,28],"class_list":{"0":"post-3074","1":"product","2":"type-product","3":"status-publish","4":"has-post-thumbnail","6":"product_cat-les-editions","7":"product_cat-plis-urgents","8":"product_tag-715","9":"product_tag-australie","10":"product_tag-le-temps-dun-reve","11":"product_tag-sabine-peglion","13":"first","14":"instock","15":"featured","16":"shipping-taxable","17":"purchasable","18":"product-type-simple"},"_links":{"self":[{"href":"http:\/\/www.rougier-atelier.com\/index.php?rest_route=\/wp\/v2\/product\/3074","targetHints":{"allow":["GET"]}}],"collection":[{"href":"http:\/\/www.rougier-atelier.com\/index.php?rest_route=\/wp\/v2\/product"}],"about":[{"href":"http:\/\/www.rougier-atelier.com\/index.php?rest_route=\/wp\/v2\/types\/product"}],"wp:featuredmedia":[{"embeddable":true,"href":"http:\/\/www.rougier-atelier.com\/index.php?rest_route=\/wp\/v2\/media\/3075"}],"wp:attachment":[{"href":"http:\/\/www.rougier-atelier.com\/index.php?rest_route=%2Fwp%2Fv2%2Fmedia&parent=3074"}],"wp:term":[{"taxonomy":"product_brand","embeddable":true,"href":"http:\/\/www.rougier-atelier.com\/index.php?rest_route=%2Fwp%2Fv2%2Fproduct_brand&post=3074"},{"taxonomy":"product_cat","embeddable":true,"href":"http:\/\/www.rougier-atelier.com\/index.php?rest_route=%2Fwp%2Fv2%2Fproduct_cat&post=3074"},{"taxonomy":"product_tag","embeddable":true,"href":"http:\/\/www.rougier-atelier.com\/index.php?rest_route=%2Fwp%2Fv2%2Fproduct_tag&post=3074"}],"curies":[{"name":"wp","href":"https:\/\/api.w.org\/{rel}","templated":true}]}}