{"id":3433,"date":"2024-11-30T09:12:58","date_gmt":"2024-11-30T08:12:58","guid":{"rendered":"http:\/\/www.rougier-atelier.com\/?post_type=product&#038;p=3433"},"modified":"2024-12-04T12:19:36","modified_gmt":"2024-12-04T11:19:36","slug":"ficelleplisurgents-n158-de-guerres-lasse-copy","status":"publish","type":"product","link":"http:\/\/www.rougier-atelier.com\/?product=ficelleplisurgents-n158-de-guerres-lasse-copy","title":{"rendered":"FICELLE&#038;PlisUrgents n\u00b0158 &#8211; DE GUERRES LASSE"},"content":{"rendered":"<p><span class=\"Apple-converted-space\">\u00a0<\/span><i>Trois po\u00e8tes, trois regards pour un \u00ab\u00a0Concerto en gilet po\u00e9l\u00e9itique\u00a0\u00bb\u00a0<\/i><\/p>\n<p><b>Marc Delouze<\/b><br \/>\nUn an d\u00e9j\u00e0. Un an de trop.<br \/>\nVoil\u00e0 un an ces trois po\u00e8mes surgis comme des blessures de la parole.<br \/>\nDepuis, chaque jour, ces trois po\u00e8mes, sans fin, s\u2019\u00e9crivent.<br \/>\nDepuis, aucun po\u00e8me ne peut venir : \u00e0 quoi servirait de se r\u00e9p\u00e9ter quand chaque jour le m\u00eame pire se produit ?<\/p>\n<p><b>Alexis Pelletier &#8211; <\/b><b>M<\/b><b>lash<\/b><br \/>\nSe lib\u00e8re en une forme versifi\u00e9e, Mlash est son partenaire sa conscience po\u00e9tique.<br \/>\nDes faits, rien que des faits comme une composition musicale ne s\u2019achevant pas, tel les musiques r\u00e9p\u00e9titives\u2026<\/p>\n<p><b>Vincent Rougier<\/b><br \/>\nUn cabaret po\u00e9tique \u00e9ditorial.<\/p>\n<p>Pour clore ce petit ouvrage, artiste et petit \u00e9diteur, parfois humoriste dans un monde sans humour, r\u00eavant et pr\u00e9parant sa prochaine \u00e9lection\u2026 voici sa maquette de discours \u00ab\u00a0fa\u00e7on Coluche 2<i>\u00a0\u00bb <\/i>adress\u00e9e \u00e0 une SCC, <i>Soci\u00e9t\u00e9 Contemporaine Close<\/i>, o\u00f9 souvent, l\u2019adversaire devient vite l\u2019ennemi !<\/p>\n","protected":false},"excerpt":{"rendered":"<p><span class=\"Apple-converted-space\">\u00a0<\/span><b>DE GUERRE<\/b><b>S <\/b><b>LASSE<\/b><br \/>\nJournal de guerres 2022-\/23 de <strong>Marc Delouze<\/strong><br \/>\nRequieMlash &amp; Prose de l\u2019impuissance de <strong>Mlash d\u2019Alexis Pelletier<\/strong><br \/>\nChers Pytoyens de\u00a0<strong>Vincent Rougier<\/strong><\/p>\n<p><span class=\"Apple-converted-space\">\u00a0<\/span>Livret broch\u00e9 couture plate, 300 ex.<span class=\"Apple-converted-space\">\u00a0<\/span> Couverture \u00e0 un rabat couvrant, 40 p, et 12 ex en tirage de t\u00eate (gravure originale).10,5 x 15 cm.<br \/>\nTirage courant :13\u20ac<span class=\"Apple-converted-space\">\u00a0<\/span><br \/>\nISSN 1252-5405<br \/>\nISBN 979-10-93019-96-3<\/p>\n","protected":false},"featured_media":3429,"template":"","meta":[],"product_brand":[],"product_cat":[16,15,777,17],"product_tag":[779,73,781,778,456,782,631,242,780,40],"class_list":{"0":"post-3433","1":"product","2":"type-product","3":"status-publish","4":"has-post-thumbnail","6":"product_cat-les-editions","7":"product_cat-revue-ficelleplisurgents","8":"product_cat-ficelleplisurgents","9":"product_cat-plis-urgents","10":"product_tag-779","11":"product_tag-alexis-pelletier","12":"product_tag-chers-pytoyen","13":"product_tag-de-guerres-lasse","14":"product_tag-issn-1252-5405","15":"product_tag-journal-de-guerres","16":"product_tag-marc-delouze","17":"product_tag-mlash","18":"product_tag-requiemlash","19":"product_tag-vincent-rougier","21":"first","22":"instock","23":"shipping-taxable","24":"purchasable","25":"product-type-simple"},"_links":{"self":[{"href":"http:\/\/www.rougier-atelier.com\/index.php?rest_route=\/wp\/v2\/product\/3433","targetHints":{"allow":["GET"]}}],"collection":[{"href":"http:\/\/www.rougier-atelier.com\/index.php?rest_route=\/wp\/v2\/product"}],"about":[{"href":"http:\/\/www.rougier-atelier.com\/index.php?rest_route=\/wp\/v2\/types\/product"}],"wp:featuredmedia":[{"embeddable":true,"href":"http:\/\/www.rougier-atelier.com\/index.php?rest_route=\/wp\/v2\/media\/3429"}],"wp:attachment":[{"href":"http:\/\/www.rougier-atelier.com\/index.php?rest_route=%2Fwp%2Fv2%2Fmedia&parent=3433"}],"wp:term":[{"taxonomy":"product_brand","embeddable":true,"href":"http:\/\/www.rougier-atelier.com\/index.php?rest_route=%2Fwp%2Fv2%2Fproduct_brand&post=3433"},{"taxonomy":"product_cat","embeddable":true,"href":"http:\/\/www.rougier-atelier.com\/index.php?rest_route=%2Fwp%2Fv2%2Fproduct_cat&post=3433"},{"taxonomy":"product_tag","embeddable":true,"href":"http:\/\/www.rougier-atelier.com\/index.php?rest_route=%2Fwp%2Fv2%2Fproduct_tag&post=3433"}],"curies":[{"name":"wp","href":"https:\/\/api.w.org\/{rel}","templated":true}]}}