{"id":3492,"date":"2025-10-07T14:10:58","date_gmt":"2025-10-07T13:10:58","guid":{"rendered":"http:\/\/www.rougier-atelier.com\/?post_type=product&#038;p=3492"},"modified":"2025-10-08T14:38:34","modified_gmt":"2025-10-08T13:38:34","slug":"ou-est-passe-mon-ange-mathias-lair-ficellepu162","status":"publish","type":"product","link":"http:\/\/www.rougier-atelier.com\/?product=ou-est-passe-mon-ange-mathias-lair-ficellepu162","title":{"rendered":"O\u00d9 EST PASS\u00c9 MON ANGE &#8211; MATHIAS LAIR &#8211; FICELLE&#038;PU162"},"content":{"rendered":"<p>p<span style=\"color: #ff0000;\">R<\/span>o\u00e8mes \u00e0 deux voix, \u00ab\u00a0\u00e0 deux voies\u00a0\u00bb l\u2019auteur et son ange<br \/>\nApr\u00e8s son livret \u00ab Quel est ce bonheur enfoui \u00bb, l\u2019auteur part<br \/>\n\u00e0 la recherche de son ange, un ange aussi diff\u00e9rent que les autres si possible&#8230; L\u2019humaine condition y est mise \u00e0 nue.<br \/>\nUn chant, une \u00e9l\u00e9gie qui m\u2019\u00e9voque les \u00ab \u00c9l\u00e9gies de Duino \u00bb de R.M Rilke : \u00ab Qui pourrait venir \u00e0 mon secours si ce n\u2019est un autre ange? \u00bb<br \/>\nL\u2019\u00e9diteur le propose \u00e0 deux voix, \u00ab\u00a0\u00e0 deux voies\u00a0\u00bb l\u2019auteur et son ange.<br \/>\nMathias Lair<br \/>\nIl a notamment publi\u00e9 :<br \/>\nDes po\u00e8mes :<br \/>\nQuel est ce bonheur enfoui, Atelier V. Rougier, 2024<br \/>\n( M\u00eame \u00e9diteur, ficelle&amp;PlisUrgent N\u00b0156 )<br \/>\nIl n\u2019est pas vrai que les pierres soient mortes,<br \/>\nLes Lieux-Dits, 2023<br \/>\n\u00c0 la fin des fins suivi de Pourquoi pas\/ne serai po\u00e8te,<br \/>\nLes Lieux dits, 2022<br \/>\nPro\u00e8mes indiens, P\u00e9tra, 2022<br \/>\nDu Vi\u00eat Nam que reste-t-y, Petra, 2021<br \/>\n\u00c9crire avec Thelonious, Atelier du Grand T\u00e9tras, 2019<br \/>\nAmour d\u00e9pris, La cour pav\u00e9e, 2017<br \/>\nencres de Jacqueline Ricard&#8230;<br \/>\nBandes d\u2019artistes 19, Lieux dits, &#8230;<\/p>\n","protected":false},"excerpt":{"rendered":"<p>p<span style=\"color: #ff0000;\">R<\/span>o\u00e8mes \u00e0 deux voix, \u00ab\u00a0\u00e0 deux voies\u00a0\u00bb l\u2019auteur et son ange<br \/>\nApr\u00e8s son livret \u00ab Quel est ce bonheur enfoui \u00bb, l\u2019auteur part<br \/>\n\u00e0 la recherche de son ange, un ange aussi diff\u00e9rent que les autres si possible&#8230; L\u2019humaine condition y est mise \u00e0 nue.<\/p>\n<p>Livret broch\u00e9 couture plate, 300 ex.<br \/>\nCouverture \u00e0 un rabat couvrant,<br \/>\n40p. &#8211; 10,5 x 15 cm.<br \/>\nTirage courant :13\u20ac<br \/>\nISSN 1252-5405<br \/>\nISBN 979-10-93019-994<br \/>\nGencod Dilicom : 3012490960013<br \/>\nDu m\u00eame auteur chez le m\u00e8me \u00e9diteur.<br \/>\n\u00ab\u00a0Quel est ce bonheur enfoui\u00a0\u00bb<\/p>\n","protected":false},"featured_media":3499,"template":"","meta":[],"product_brand":[],"product_cat":[16,15,777,17],"product_tag":[794,237,788,792,795,791,386,793,40],"class_list":{"0":"post-3492","1":"product","2":"type-product","3":"status-publish","4":"has-post-thumbnail","6":"product_cat-les-editions","7":"product_cat-revue-ficelleplisurgents","8":"product_cat-ficelleplisurgents","9":"product_cat-plis-urgents","10":"product_tag-979-10-93019-994","11":"product_tag-ficelle","12":"product_tag-ficelleplisurgents","13":"product_tag-ficelle162","14":"product_tag-mathias-lair","15":"product_tag-ou-est-passe-mon-ange","16":"product_tag-plis-urgent","17":"product_tag-proemes","18":"product_tag-vincent-rougier","20":"first","21":"instock","22":"featured","23":"shipping-taxable","24":"purchasable","25":"product-type-simple"},"_links":{"self":[{"href":"http:\/\/www.rougier-atelier.com\/index.php?rest_route=\/wp\/v2\/product\/3492","targetHints":{"allow":["GET"]}}],"collection":[{"href":"http:\/\/www.rougier-atelier.com\/index.php?rest_route=\/wp\/v2\/product"}],"about":[{"href":"http:\/\/www.rougier-atelier.com\/index.php?rest_route=\/wp\/v2\/types\/product"}],"wp:featuredmedia":[{"embeddable":true,"href":"http:\/\/www.rougier-atelier.com\/index.php?rest_route=\/wp\/v2\/media\/3499"}],"wp:attachment":[{"href":"http:\/\/www.rougier-atelier.com\/index.php?rest_route=%2Fwp%2Fv2%2Fmedia&parent=3492"}],"wp:term":[{"taxonomy":"product_brand","embeddable":true,"href":"http:\/\/www.rougier-atelier.com\/index.php?rest_route=%2Fwp%2Fv2%2Fproduct_brand&post=3492"},{"taxonomy":"product_cat","embeddable":true,"href":"http:\/\/www.rougier-atelier.com\/index.php?rest_route=%2Fwp%2Fv2%2Fproduct_cat&post=3492"},{"taxonomy":"product_tag","embeddable":true,"href":"http:\/\/www.rougier-atelier.com\/index.php?rest_route=%2Fwp%2Fv2%2Fproduct_tag&post=3492"}],"curies":[{"name":"wp","href":"https:\/\/api.w.org\/{rel}","templated":true}]}}