{"id":386,"date":"2014-03-06T16:26:58","date_gmt":"2014-03-06T15:26:58","guid":{"rendered":"http:\/\/www.rougier-atelier.com\/?post_type=product&#038;p=386"},"modified":"2014-05-05T21:44:47","modified_gmt":"2014-05-05T20:44:47","slug":"coffret-post-it","status":"publish","type":"product","link":"http:\/\/www.rougier-atelier.com\/?product=coffret-post-it","title":{"rendered":"Coffret Post it"},"content":{"rendered":"<p>Tirage de t\u00eate en coffret \u00ab beaux livres \u00bb 20 ex. Gravure originale \u2013 60\u20ac<br \/>\n9\u20ac \u2013 Mis en vente : Mai 2012<br \/>\nGravures de Consuelo de Mont Marin<br \/>\nSculptures (Terre, Bois, Bronze) Peintures et Multiples, ( Lithographie, Gravure).<br \/>\nPaul Badin<br \/>\nPaul Badin est n\u00e9 en 1943 en Anjou o\u00f9 il r\u00e9side. Ex-professeur de lettres, ex-coordonnateur lecture-\u00e9criture \u00e0 la Mission d\u2019Action Culturelle du Rectorat de Nantes (formations et montages de projets pour enseignants et biblioth\u00e9caires, lectures, rencontres, ateliers d\u2019\u00e9criture\u2026), ex-pr\u00e9sident et fondateur du Chant des mots (saison po\u00e9tique et litt\u00e9raire d\u2019Angers), ex directeur de publication de la revue de po\u00e9sie semestrielle N 4728. Heureux retrait\u00e9 se consacrant \u00e0 l\u2019\u00e9criture.<br \/>\n7 \u00e0 77 ans<br \/>\nGenre : Po\u00e9sie\/livre d\u2019artiste, pr\u00e9sent\u00e9e en enveloppe timbr\u00e9e d\u2019artiste, pr\u00eat \u00e0 poster. 500 ex.<br \/>\nTirage de T\u00eate en coffret : Tirage de 20 ex., 2 gravures originales, 1 froiss\u00e9, le sous-verre et le coffret : 60\u20ac<\/p>\n","protected":false},"excerpt":{"rendered":"<p>Aut.: Paul Badin ill.: gravures de Consuello De Mont Marin \u2013 40p. ISBN 9782-913040-85-3<br \/>\nExemplaires : 20<br \/>\nFormat : 165\/115mm<br \/>\nPo\u00e9sie quotidienne<br \/>\n\u2026\/\/<br \/>\n-arr\u00eat des \u0153ufs (durs) \u00e0 11h 35mn<br \/>\n-arr\u00eat des hostilit\u00e9s (g\u00e9n\u00e9rales) : en attente<br \/>\n&#8211; -deux messages pour la po\u00e9sie : Aurimas Dunauskas<br \/>\n(je crois) et B\u00e9atrice Machet, ils rappelleront ce soir<br \/>\n-deux nouvelles graines au jardin croyable de la po\u00e9sie<br \/>\n-les tickets du pressing sont dans la soupi\u00e8re<br \/>\n-propre sur soi et propre en soi, ce qui est plus d\u00e9licat<br \/>\n\u2026\/\/<\/p>\n","protected":false},"featured_media":392,"template":"","meta":[],"product_brand":[],"product_cat":[19],"product_tag":[131,45,46,137],"class_list":{"0":"post-386","1":"product","2":"type-product","3":"status-publish","4":"has-post-thumbnail","6":"product_cat-livres-dartiste","7":"product_tag-coffret","8":"product_tag-consuello-de-mont-marin","9":"product_tag-paul-badin","10":"product_tag-post-it","12":"first","13":"instock","14":"shipping-taxable","15":"purchasable","16":"product-type-simple"},"_links":{"self":[{"href":"http:\/\/www.rougier-atelier.com\/index.php?rest_route=\/wp\/v2\/product\/386","targetHints":{"allow":["GET"]}}],"collection":[{"href":"http:\/\/www.rougier-atelier.com\/index.php?rest_route=\/wp\/v2\/product"}],"about":[{"href":"http:\/\/www.rougier-atelier.com\/index.php?rest_route=\/wp\/v2\/types\/product"}],"wp:featuredmedia":[{"embeddable":true,"href":"http:\/\/www.rougier-atelier.com\/index.php?rest_route=\/wp\/v2\/media\/392"}],"wp:attachment":[{"href":"http:\/\/www.rougier-atelier.com\/index.php?rest_route=%2Fwp%2Fv2%2Fmedia&parent=386"}],"wp:term":[{"taxonomy":"product_brand","embeddable":true,"href":"http:\/\/www.rougier-atelier.com\/index.php?rest_route=%2Fwp%2Fv2%2Fproduct_brand&post=386"},{"taxonomy":"product_cat","embeddable":true,"href":"http:\/\/www.rougier-atelier.com\/index.php?rest_route=%2Fwp%2Fv2%2Fproduct_cat&post=386"},{"taxonomy":"product_tag","embeddable":true,"href":"http:\/\/www.rougier-atelier.com\/index.php?rest_route=%2Fwp%2Fv2%2Fproduct_tag&post=386"}],"curies":[{"name":"wp","href":"https:\/\/api.w.org\/{rel}","templated":true}]}}