{"id":409,"date":"2014-03-06T16:47:42","date_gmt":"2014-03-06T15:47:42","guid":{"rendered":"http:\/\/www.rougier-atelier.com\/?post_type=product&#038;p=409"},"modified":"2014-03-06T17:28:52","modified_gmt":"2014-03-06T16:28:52","slug":"coffret-urticantes","status":"publish","type":"product","link":"http:\/\/www.rougier-atelier.com\/?product=coffret-urticantes","title":{"rendered":"Coffret Urticantes"},"content":{"rendered":"<p>Livre d\u2019artiste, broch\u00e9, pr\u00e9sent\u00e9e en enveloppe timbr\u00e9e d\u2019artiste, pr\u00eat \u00e0 poster. 500 ex.<br \/>\nTirage de T\u00eate en coffret \u00ab Beaux livres \u00bb: Tirage de 20 ex., 1 gravure originale, 1 froiss\u00e9, le sous-verre et le coffret : 60\u20ac<br \/>\nCollection \u00ab ficelle \u00bb \u2013 format 10 x 15 cm \u2013 44 pages \u2013 broch\u00e9 sous enveloppe. \u2013<br \/>\nMise en vente : Mars 2013<br \/>\n\u00ab Est-ce que \u00bb, c\u2019est l\u2019ongle qui gratte \u00e0 vif le quotidien ordinaire et familier, l\u00e0 o\u00f9 tout un chacun ne voit que du normal bien lisse. L\u2019ongle chatouille et touille jusqu\u2019\u00e0 faire monter la contradiction dans ce qui para\u00eet banalement aller de soi. Que ce soit la g\u00e9ographie (est-ce que la route qui traverse le plateau de Millevaches conduit \u00e0 Bonn\u00e9table ?), Moli\u00e8re (est-ce qu\u2019Harpagon portait des bas \u00e0 varices ?), le potager (est-ce vous connaissez les \u201cWi-fi\u201d, vari\u00e9t\u00e9 de haricots sans fil ? \u2014 celle-l\u00e0, j\u2019aurais voulu la faire !), le social (est-ce que tous les SDF ont un nom \u00e0 coucher dehors ?) ou la politique (est-ce que c\u2019est vrai qu\u2019ils font de sacr\u00e9s canards, les lendemains qui chantent ?).<br \/>\nL\u2019inqui\u00e9tude du po\u00e8te (est-ce qu\u2019il sera jamais fini, le po\u00e8me ?) et le doute du philosophe (est-ce qu\u2019il est interdit de permettre ?) se joignent \u00e0 la discr\u00e9tion militante chez Touzeil. Et pour conclure sugg\u00e8rent, au lecteur citoyen que je suis, d\u2019interroger Jean-Marc Ayrault avec une urticante mais n\u00e9anmoins d\u00e9f\u00e9rente courtoisie : est-ce qu\u2019avoir le cul entre deux chaises peut v\u00e9ritablement faire avancer le dossier ?<br \/>\nLouis Dubost<br \/>\nsite internet : http:\/\/biloba.over-blog.com<\/p>\n","protected":false},"excerpt":{"rendered":"<p>Aut : Jean-Claude Touzeil \u2013 ill : Yves Barr\u00e9 \u2013 ISBN 9782-913040-95-0<br \/>\nFormat : 165\/115<br \/>\nExemplaires : 20<br \/>\nPo\u00e9sie humour<br \/>\nLa po\u00e9sie : poil \u00e0 gratter. Ou comment exprimer de la vraie indignation avec un sourire innocent. C\u2019est tout l\u2019art po\u00e9tique de J.-C. Touzeil avec des mots et de son complice Y. Barr\u00e9 avec des images. Qui utilisent les techniques confirm\u00e9es du calembour, du d\u00e9tournement, du contrepet, de la ma\u00efeutique ironique\u2026 \u00e0 l\u2019instar de ces \u00ab po\u00e8tes \u00bb impertinents (pl\u00e9onasme) que furent Coluche, Deproges voire aujourd\u2019hui Magdane qui pastiche Touzeil sans le savoir : quand on voit un flic sur un tracteur, peut-on dire que c\u2019est un poulet fermier ?<\/p>\n","protected":false},"featured_media":413,"template":"","meta":[],"product_brand":[],"product_cat":[19],"product_tag":[131,149,148,87,150],"class_list":{"0":"post-409","1":"product","2":"type-product","3":"status-publish","4":"has-post-thumbnail","6":"product_cat-livres-dartiste","7":"product_tag-coffret","8":"product_tag-touzeil","9":"product_tag-urticantes","10":"product_tag-rougier","11":"product_tag-barre","13":"first","14":"instock","15":"shipping-taxable","16":"purchasable","17":"product-type-simple"},"_links":{"self":[{"href":"http:\/\/www.rougier-atelier.com\/index.php?rest_route=\/wp\/v2\/product\/409","targetHints":{"allow":["GET"]}}],"collection":[{"href":"http:\/\/www.rougier-atelier.com\/index.php?rest_route=\/wp\/v2\/product"}],"about":[{"href":"http:\/\/www.rougier-atelier.com\/index.php?rest_route=\/wp\/v2\/types\/product"}],"wp:featuredmedia":[{"embeddable":true,"href":"http:\/\/www.rougier-atelier.com\/index.php?rest_route=\/wp\/v2\/media\/413"}],"wp:attachment":[{"href":"http:\/\/www.rougier-atelier.com\/index.php?rest_route=%2Fwp%2Fv2%2Fmedia&parent=409"}],"wp:term":[{"taxonomy":"product_brand","embeddable":true,"href":"http:\/\/www.rougier-atelier.com\/index.php?rest_route=%2Fwp%2Fv2%2Fproduct_brand&post=409"},{"taxonomy":"product_cat","embeddable":true,"href":"http:\/\/www.rougier-atelier.com\/index.php?rest_route=%2Fwp%2Fv2%2Fproduct_cat&post=409"},{"taxonomy":"product_tag","embeddable":true,"href":"http:\/\/www.rougier-atelier.com\/index.php?rest_route=%2Fwp%2Fv2%2Fproduct_tag&post=409"}],"curies":[{"name":"wp","href":"https:\/\/api.w.org\/{rel}","templated":true}]}}