{"id":739,"date":"2010-09-01T09:45:00","date_gmt":"2010-09-01T08:45:00","guid":{"rendered":"http:\/\/www.rougier-atelier.com\/?post_type=product&#038;p=739"},"modified":"2014-06-18T14:37:37","modified_gmt":"2014-06-18T13:37:37","slug":"ficelle-n98-chambres","status":"publish","type":"product","link":"http:\/\/www.rougier-atelier.com\/?product=ficelle-n98-chambres","title":{"rendered":"ficelle n\u00b098 \u2013 CHAMBRES"},"content":{"rendered":"<p>Po\u00e9sie du Voyage<\/p>\n<p>\u00ab\u00a0Ils se replient dans une chambre-cabine de bateau.<br \/>\nLa chaleur est \u00e9crasante. Ne parviennent du dehors que des rumeurs incertaines. Les volets referm\u00e9s sont disloqu\u00e9s, brinquebalants, d\u00e9peints par endroits.<br \/>\nIls oscillent entre un ancien blanc et un gris bleu d\u00e9pos\u00e9 par les nuits.<br \/>\nLes corps nus z\u00e9br\u00e9s par la claire-voie des volets.<br \/>\nP\u00e9nombre enveloppante, clart\u00e9 de la tisane verveine citronnelle au fond des tasses blanches \u00e0 fleurs orange. Accablement doux des gestes, torpeur du petit haut d\u00e9collet\u00e9, jet\u00e9 sur le tabouret.<br \/>\nLa peau, comme une robe \u00e0 d\u00e9grafer.\/\/\u2026\u00a0\u00bb<\/p>\n<p>&nbsp;<\/p>\n<p>Amandine Marembert<br \/>\nN\u00e9e en 1977 \u00e0 Clermont-Ferrand<br \/>\nAnime la revue &amp; les \u00e9ditions \u00ab Contre-all\u00e9es \u00bb avec Romain Fustier.<br \/>\nOuvrages :<br \/>\nEclairs &#8211; Contre-all\u00e9es, 2001 Entreb\u00e2illements &#8211; La Porte, 2002 La lune est claire il g\u00e8lera ce soir &#8211; Contre-all\u00e9es, 2002 Aiguillages imm\u00e9diats &#8211; en collaboration &#8211; Contre-all\u00e9es, 2003 Tout le jardin tient dans ta t\u00eate &#8211; Contre-all\u00e9es, 2004 Elle(s) si tant est que &#8211; Les Carnets du Dessert de Lune, 2005 Il pleut dans la chambre cette nuit &#8211; Polder, 2006 Il a plus qu\u2019un papillon de nuit &#8211; La Porte, 2007 \u00c0 perp\u00e8te &#8211; Pr\u00e9 carr\u00e9, 2007 Ce train n\u2019accueille pas de voyageurs &#8211; Les Carnets du Dessert de Lune, 2008 L\u2019ombre des arbres diminue \u00e0 certaines heures du jour &#8211; Wigwam,2008 Toboggans des maisons &#8211; ill. d\u2019Audrey Calleja, &#8211; L\u2019Id\u00e9e bleue, 2009 Du baume stick dans la douceur, ill. de Val\u00e9rie Linder &#8211; La Yaourti\u00e8re, 2009 Mon c\u0153ur coup\u00e9 au s\u00e9cateur &#8211; Henry &amp; Ecrits du Nord, 2009 (Prix des Trouv\u00e8res des Lyc\u00e9ens) Coquelillages &#8211; Le Chat qui tousse, 2009 Un petit gar\u00e7on un peu silencieux &#8211; Al Manar, 2010<\/p>\n<p>&nbsp;<\/p>\n<p>Claire Laporte<br \/>\nPeintre : http..\/\/clairelaporte.free.fr<\/p>\n<p>&nbsp;<\/p>\n<p>7 \u00e0 77 ans<br \/>\nGenre : Po\u00e9sie\/livre d\u2019artiste, pr\u00e9sent\u00e9e en enveloppe timbr\u00e9e d\u2019artiste, pr\u00eat \u00e0 poster, 16 ex.<br \/>\nLe tirage de t\u00eate (1 gravure originale, 1 froiss\u00e9, le sous-verre et le coffret) sont propos\u00e9s en coffrets. : \u00e9puis\u00e9<\/p>\n","protected":false},"excerpt":{"rendered":"<p>ficelle n\u00b098 \u2013 CHAMBRES<br \/>\nPo\u00e9sie du voyage, ISBN \u00a02913040705<br \/>\nAut.: Amandine Marembert, ill. Claire Laporte<br \/>\n44 p. Couleurs. Broch\u00e9, enveloppe.<\/p>\n","protected":false},"featured_media":747,"template":"","meta":[],"product_brand":[],"product_cat":[16,15],"product_tag":[320,318,321,319],"class_list":{"0":"post-739","1":"product","2":"type-product","3":"status-publish","4":"has-post-thumbnail","6":"product_cat-les-editions","7":"product_cat-revue-ficelleplisurgents","8":"product_tag-amandine-marembert","9":"product_tag-chambres","10":"product_tag-claire-laporte","11":"product_tag-ficelle98","13":"first","14":"instock","15":"shipping-taxable","16":"purchasable","17":"product-type-simple"},"_links":{"self":[{"href":"http:\/\/www.rougier-atelier.com\/index.php?rest_route=\/wp\/v2\/product\/739","targetHints":{"allow":["GET"]}}],"collection":[{"href":"http:\/\/www.rougier-atelier.com\/index.php?rest_route=\/wp\/v2\/product"}],"about":[{"href":"http:\/\/www.rougier-atelier.com\/index.php?rest_route=\/wp\/v2\/types\/product"}],"wp:featuredmedia":[{"embeddable":true,"href":"http:\/\/www.rougier-atelier.com\/index.php?rest_route=\/wp\/v2\/media\/747"}],"wp:attachment":[{"href":"http:\/\/www.rougier-atelier.com\/index.php?rest_route=%2Fwp%2Fv2%2Fmedia&parent=739"}],"wp:term":[{"taxonomy":"product_brand","embeddable":true,"href":"http:\/\/www.rougier-atelier.com\/index.php?rest_route=%2Fwp%2Fv2%2Fproduct_brand&post=739"},{"taxonomy":"product_cat","embeddable":true,"href":"http:\/\/www.rougier-atelier.com\/index.php?rest_route=%2Fwp%2Fv2%2Fproduct_cat&post=739"},{"taxonomy":"product_tag","embeddable":true,"href":"http:\/\/www.rougier-atelier.com\/index.php?rest_route=%2Fwp%2Fv2%2Fproduct_tag&post=739"}],"curies":[{"name":"wp","href":"https:\/\/api.w.org\/{rel}","templated":true}]}}