{"id":795,"date":"2014-09-22T13:49:28","date_gmt":"2014-09-22T12:49:28","guid":{"rendered":"http:\/\/www.rougier-atelier.com\/?post_type=product&#038;p=795"},"modified":"2014-10-03T18:02:35","modified_gmt":"2014-10-03T17:02:35","slug":"ficelle-n119-a-laveugle","status":"publish","type":"product","link":"http:\/\/www.rougier-atelier.com\/?product=ficelle-n119-a-laveugle","title":{"rendered":"ficelle n\u00b0119 &#8211; \u00c0 L&rsquo;AVEUGLE"},"content":{"rendered":"<p>\u00c0 l\u2019aveugle a vu le jour \u00e0 la Saint Thomas d\u2019Aquin,<\/p>\n<p>le lundi 28 janvier 2013 \u00e0 midi.<\/p>\n<p>Albane \u00e9crit.<\/p>\n<p>Samuel dessine.<\/p>\n<p>Sans concertation, ils se sont envoy\u00e9s par mail un texte<\/p>\n<p>et un dessin.<\/p>\n<p>Maintenant, le chemin est ouvert.<\/p>\n<p>Ils marchent&#8230;\/\/<\/p>\n<p><b>Albane Gell\u00e9e<\/b> Bibliographie<\/p>\n<p>O\u00d9 QUE J\u2019AILLE, \u00e9d. Esperlu\u00e8te, 2014 \u2014 SI JE SUIS DE CE MONDE, \u00e9d. Cheyne, 2012, r\u00e9\u00e9dition en 2013 \u2013 VOIL\u00c0, \u00e9d. Contre-all\u00e9es, 2012 \u2014\u00a0 NOUS VALSONS, \u00e9d. Potentille, 2012 \u2013 POINTE DES PIEDS SUR LE BALCON, \u00e9d. La Porte, 2012 \u2013 BOUG\u00e9(E), \u00e9d. du Seuil, collection D\u00e9placements, 2009 \u2013 JE, CHEVAL, \u00e9d. Jacques Br\u00e9mond, 2007 \u2014 JE TE NOUS AIME, \u00e9d. Cheyne, 2004, 4\u00e8me r\u00e9\u00e9dition en 2012 \u2013 QUELQUES, \u00e9d. Inventaire\/Invention, 2004 \u2013 UN BRUIT DE VERRE EN ELLE , \u00e9d. Inventaire\/Invention, 2002 \u2014 L\u2019AIR LIBRE, \u00e9d.Le D\u00e9 Bleu, 2002, 3\u00e8me r\u00e9\u00e9dition en 2014 aux \u00e9d. Eclats d\u2019Encre \u2013 AUCUN SILENCE BIEN S\u00dbR,\u00a0 \u00e9d. Le D\u00e9 Bleu,\u00a0 2002 \u2013 EN TOUTES CIRCONSTANCES, \u00e9d. Le D\u00e9 Bleu \u2013 coll. jeunesse Farfadet Bleu, 2001\u00a0 &#8211; r\u00e9\u00e9dition nouvelle version avec dessins de Val\u00e9rie Linder aux \u00e9ditions Cadex en octobre 2014 \u2014\u00a0 DE PERE EN FILLE, \u00e9ditions Le Chat Qui Tousse, 2001\u00a0 &#8211; HORS DU BOCAL, \u00e9d. Le chat qui tousse,\u00a0 1997 \u2013 A PARTIR D&rsquo;UN DOUTE, \u00e9d. Voie Publique- Nantes, 1993.<\/p>\n<p><b>Samuel Buckman<\/b><\/p>\n<p>aime travailler avec d\u2019autres.<\/p>\n<p>Il exp\u00e9rimente de nouvelles \u00e9nergies avec Emmanuel Aragon, Jonathan Cohen, Virginie Delannoy, Gilles Picouet et Thomas Vinck, qui forment le collectif d\u2019artistes CLARA. Il explore le champ de la performance avec Viviana Moin, danseuse et chor\u00e9graphe. Il esquisse d\u2019autres formes de dialogue artistique avec Albane Gell\u00e9, po\u00e8te ou encore Perrine Le Querrec, \u00e9crivain..<\/p>\n<p>Il aime les r\u00e9sidences qui sont pr\u00e9textes aux rencontres <a href=\"http:\/\/www.samuel-buckman.tumblr.com\" target=\"_blank\">http:\/\/www.samuel-buckman.tumblr.com<\/a><\/p>\n","protected":false},"excerpt":{"rendered":"<p>Aut.: Albane Gell\u00e9\u00a0 et Samuel Buckman &#8211; ISBN 979109330190602 &#8211; ISSN 1252-5405<\/p>\n<p>40 p. Couleurs. Broch\u00e9 jaquette, enveloppe.<\/p>\n<p>Po\u00e9sie de l&#039;\u00e9coute, po\u00e9sie exp\u00e9rimentale.<\/p>\n<div><\/div>\n","protected":false},"featured_media":796,"template":"","meta":[],"product_brand":[],"product_cat":[15],"product_tag":[365,366,364,367],"class_list":{"0":"post-795","1":"product","2":"type-product","3":"status-publish","4":"has-post-thumbnail","6":"product_cat-revue-ficelleplisurgents","7":"product_tag-a-laveugle","8":"product_tag-albane-gelle","9":"product_tag-isbn-9791093019062","10":"product_tag-samuel-buckman","12":"first","13":"instock","14":"shipping-taxable","15":"purchasable","16":"product-type-simple"},"_links":{"self":[{"href":"http:\/\/www.rougier-atelier.com\/index.php?rest_route=\/wp\/v2\/product\/795","targetHints":{"allow":["GET"]}}],"collection":[{"href":"http:\/\/www.rougier-atelier.com\/index.php?rest_route=\/wp\/v2\/product"}],"about":[{"href":"http:\/\/www.rougier-atelier.com\/index.php?rest_route=\/wp\/v2\/types\/product"}],"wp:featuredmedia":[{"embeddable":true,"href":"http:\/\/www.rougier-atelier.com\/index.php?rest_route=\/wp\/v2\/media\/796"}],"wp:attachment":[{"href":"http:\/\/www.rougier-atelier.com\/index.php?rest_route=%2Fwp%2Fv2%2Fmedia&parent=795"}],"wp:term":[{"taxonomy":"product_brand","embeddable":true,"href":"http:\/\/www.rougier-atelier.com\/index.php?rest_route=%2Fwp%2Fv2%2Fproduct_brand&post=795"},{"taxonomy":"product_cat","embeddable":true,"href":"http:\/\/www.rougier-atelier.com\/index.php?rest_route=%2Fwp%2Fv2%2Fproduct_cat&post=795"},{"taxonomy":"product_tag","embeddable":true,"href":"http:\/\/www.rougier-atelier.com\/index.php?rest_route=%2Fwp%2Fv2%2Fproduct_tag&post=795"}],"curies":[{"name":"wp","href":"https:\/\/api.w.org\/{rel}","templated":true}]}}