{"id":815,"date":"2014-10-18T14:36:18","date_gmt":"2014-10-18T13:36:18","guid":{"rendered":"http:\/\/www.rougier-atelier.com\/?post_type=product&#038;p=815"},"modified":"2014-12-14T17:36:52","modified_gmt":"2014-12-14T16:36:52","slug":"lexode","status":"publish","type":"product","link":"http:\/\/www.rougier-atelier.com\/?product=lexode","title":{"rendered":"L&rsquo;EXODE"},"content":{"rendered":"<p>Aux lecteurs,<\/p>\n<p>Janvier 2005 : Mamie (Jeanne Dard) est en maison de retraite, encore en bonne sant\u00e9. Marie-Th\u00e9r\u00e8se Rougier vient la voir accompagn\u00e9e de Marie Magnier-Rougier ; Odile Asselineau-Dard et moi-m\u00eame sommes l\u00e0 et nous leur demandons de nous raconter l\u2019un des \u00ab r\u00e9cits fondateurs \u00bb de la famille : l\u2019exode, en 1939\/40, vers Carolles, Bagnole de l\u2019Orme et Ruffec, (les grands-parents \u2013Bon-Papa et Bonne-Maman, Tante Madeleine, nos parents \u2013L\u00e9on et Jeanne Dard, avec leurs trois a\u00een\u00e9s, Marie-Th\u00e9r\u00e8se Rougier et ses deux a\u00een\u00e9s, et \u00ab Titine \u00bb).<br \/>\nOn enregistre l\u2019interview, et on s\u2019aper\u00e7oit, en \u00e9coutant la bande, que leurs souvenirs ne sont pas toujours concordants\u2026 Je recherche donc le carnet de notes de Dady (L\u00e9on Dard) qui y avait consign\u00e9 ses souvenirs, et Marie demande de son c\u00f4t\u00e9 \u00e0 sa m\u00e8re de retrouver les lettres \u00e9crites \u00e0 Marcel, son mari, pendant cette p\u00e9riode\u2026 Enfin, je demande \u00e0 la \u00ab m\u00e9moire de la famille Dard \u00bb, Christian, de valider le tout et notamment \u00ab l\u2019histoire des pi\u00e8ces d\u2019or \u00bb.<br \/>\nC\u2019est donc ce \u00ab mixte \u00bb de l\u2019interview de nos deux Mamans, des notes de Papa et des lettres de Marie-Th\u00e9r\u00e8se que j\u2019ai remis en forme quelques mois plus tard pour le diffuser \u00e0 tous ceux que cela int\u00e9resse\u2026<\/p>\n<p>Vincent Rougier, fils de Marie-Th\u00e9r\u00e8se et Marcel, peintre, po\u00e8te et \u00e9diteur valorise ce texte en le publiant dans sa collection \u00ab\u00a0Ficelle\u00a0\u00bb, en septembre 2014. Merci \u00e0 lui !<br \/>\nF.V-D<\/p>\n","protected":false},"excerpt":{"rendered":"<p>\u2018\u2019ficelle famille \u2019\u2019 L\u2019EXODE<br \/>\nNum\u00e9ro sp\u00e9cial, co-\u00e9dition<\/p>\n<p>Racont\u00e9 par Jeanne Dard et Marie-Th\u00e9r\u00e8se Rougier<\/p>\n<p>R\u00e9cits &#8211; Entretiens<br \/>\nFrancine Vincent-Dard<\/p>\n<p>Genre : R\u00e9cit &#8211; Entretiens\/livre d\u2019artiste, broch\u00e9. 200 ex. Papier verg\u00e9 Corolla Book et Arches.<br \/>\nCollection \u00ab ficelle Famille \u00bb &#8211; format 10,5 x 15 cm \u2013 48 pages .<br \/>\nPrix : 13\u20ac<br \/>\nMise en vente : Octobre 2014<br \/>\nISBN 9791093019086<\/p>\n","protected":false},"featured_media":816,"template":"","meta":[],"product_brand":[],"product_cat":[16,368,15],"product_tag":[370,377,372,376],"class_list":{"0":"post-815","1":"product","2":"type-product","3":"status-publish","4":"has-post-thumbnail","6":"product_cat-les-editions","7":"product_cat-ficelle-partagee-ficelle-partagee","8":"product_cat-revue-ficelleplisurgents","9":"product_tag-ficelle-famille","10":"product_tag-francine","11":"product_tag-lexode","12":"product_tag-vincent-dard","14":"first","15":"instock","16":"shipping-taxable","17":"purchasable","18":"product-type-simple"},"_links":{"self":[{"href":"http:\/\/www.rougier-atelier.com\/index.php?rest_route=\/wp\/v2\/product\/815","targetHints":{"allow":["GET"]}}],"collection":[{"href":"http:\/\/www.rougier-atelier.com\/index.php?rest_route=\/wp\/v2\/product"}],"about":[{"href":"http:\/\/www.rougier-atelier.com\/index.php?rest_route=\/wp\/v2\/types\/product"}],"wp:featuredmedia":[{"embeddable":true,"href":"http:\/\/www.rougier-atelier.com\/index.php?rest_route=\/wp\/v2\/media\/816"}],"wp:attachment":[{"href":"http:\/\/www.rougier-atelier.com\/index.php?rest_route=%2Fwp%2Fv2%2Fmedia&parent=815"}],"wp:term":[{"taxonomy":"product_brand","embeddable":true,"href":"http:\/\/www.rougier-atelier.com\/index.php?rest_route=%2Fwp%2Fv2%2Fproduct_brand&post=815"},{"taxonomy":"product_cat","embeddable":true,"href":"http:\/\/www.rougier-atelier.com\/index.php?rest_route=%2Fwp%2Fv2%2Fproduct_cat&post=815"},{"taxonomy":"product_tag","embeddable":true,"href":"http:\/\/www.rougier-atelier.com\/index.php?rest_route=%2Fwp%2Fv2%2Fproduct_tag&post=815"}],"curies":[{"name":"wp","href":"https:\/\/api.w.org\/{rel}","templated":true}]}}

<p>Aux lecteurs,</p>
<p>Janvier 2005 : Mamie (Jeanne Dard) est en maison de retraite, encore en bonne santé. Marie-Thérèse Rougier vient la voir accompagnée de Marie Magnier-Rougier ; Odile Asselineau-Dard et moi-même sommes là et nous leur demandons de nous raconter l’un des « récits fondateurs » de la famille : l’exode, en 1939/40, vers Carolles, Bagnole de l’Orme et Ruffec, (les grands-parents –Bon-Papa et Bonne-Maman, Tante Madeleine, nos parents –Léon et Jeanne Dard, avec leurs trois aînés, Marie-Thérèse Rougier et ses deux aînés, et « Titine »).<br />
On enregistre l’interview, et on s’aperçoit, en écoutant la bande, que leurs souvenirs ne sont pas toujours concordants… Je recherche donc le carnet de notes de Dady (Léon Dard) qui y avait consigné ses souvenirs, et Marie demande de son côté à sa mère de retrouver les lettres écrites à Marcel, son mari, pendant cette période… Enfin, je demande à la « mémoire de la famille Dard », Christian, de valider le tout et notamment « l’histoire des pièces d’or ».<br />
C’est donc ce « mixte » de l’interview de nos deux Mamans, des notes de Papa et des lettres de Marie-Thérèse que j’ai remis en forme quelques mois plus tard pour le diffuser à tous ceux que cela intéresse…</p>
<p>Vincent Rougier, fils de Marie-Thérèse et Marcel, peintre, poète et éditeur valorise ce texte en le publiant dans sa collection « Ficelle », en septembre 2014. Merci à lui !<br />
F.V-D</p>

<p>‘’ficelle famille ’’ L’EXODE<br />
Numéro spécial, co-édition</p>
<p>Raconté par Jeanne Dard et Marie-Thérèse Rougier</p>
<p>Récits &#8211; Entretiens<br />
Francine Vincent-Dard</p>
<p>Genre : Récit &#8211; Entretiens/livre d’artiste, broché. 200 ex. Papier vergé Corolla Book et Arches.<br />
Collection « ficelle Famille » &#8211; format 10,5 x 15 cm – 48 pages .<br />
Prix : 13€<br />
Mise en vente : Octobre 2014<br />
ISBN 9791093019086</p>
