{"id":979,"date":"2015-10-01T12:51:37","date_gmt":"2015-10-01T11:51:37","guid":{"rendered":"http:\/\/www.rougier-atelier.com\/?post_type=product&#038;p=979"},"modified":"2015-12-28T16:35:32","modified_gmt":"2015-12-28T15:35:32","slug":"ficelle-122-chambre-dechos","status":"publish","type":"product","link":"http:\/\/www.rougier-atelier.com\/?product=ficelle-122-chambre-dechos","title":{"rendered":"ficelle 122 Chambre d&rsquo;\u00e9chos"},"content":{"rendered":"<p style=\"text-align: justify;\">Chemin de vie, \u00e9v\u00e9nement et rebondissements, l\u2019aventure continue, intemporelle et fantastique de double page en double page. La vie \u2014 la n\u00f4tre \u2014 est tr\u00e8s proche de celle du trou blanc c\u00f4toyant le trou noir, nous sommes dedans. L\u2019auteure Josiane Hubert avance, traverse et p\u00e9n\u00e8tre les tableaux num\u00e9riques de Jacqueline Fischer, images sans fin, images \u00e9chos.<\/p>\n","protected":false},"excerpt":{"rendered":"<p>Auteur du texte\u00a0Josiane Hubert, Images num\u00e9riques Jacqueline Fischer\u00a0&#8211; ISBN 979-10-93019-17-8 &#8211; ISSN 1252-5405<\/p>\n<p>32 pages, broch\u00e9 sous enveloppe<\/p>\n","protected":false},"featured_media":981,"template":"","meta":[],"product_brand":[],"product_cat":[15],"product_tag":[411,410,409],"class_list":{"0":"post-979","1":"product","2":"type-product","3":"status-publish","4":"has-post-thumbnail","6":"product_cat-revue-ficelleplisurgents","7":"product_tag-ficelle-blanche","8":"product_tag-jacqueline-fischer","9":"product_tag-josiane-hubert","11":"first","12":"instock","13":"shipping-taxable","14":"purchasable","15":"product-type-simple"},"_links":{"self":[{"href":"http:\/\/www.rougier-atelier.com\/index.php?rest_route=\/wp\/v2\/product\/979","targetHints":{"allow":["GET"]}}],"collection":[{"href":"http:\/\/www.rougier-atelier.com\/index.php?rest_route=\/wp\/v2\/product"}],"about":[{"href":"http:\/\/www.rougier-atelier.com\/index.php?rest_route=\/wp\/v2\/types\/product"}],"wp:featuredmedia":[{"embeddable":true,"href":"http:\/\/www.rougier-atelier.com\/index.php?rest_route=\/wp\/v2\/media\/981"}],"wp:attachment":[{"href":"http:\/\/www.rougier-atelier.com\/index.php?rest_route=%2Fwp%2Fv2%2Fmedia&parent=979"}],"wp:term":[{"taxonomy":"product_brand","embeddable":true,"href":"http:\/\/www.rougier-atelier.com\/index.php?rest_route=%2Fwp%2Fv2%2Fproduct_brand&post=979"},{"taxonomy":"product_cat","embeddable":true,"href":"http:\/\/www.rougier-atelier.com\/index.php?rest_route=%2Fwp%2Fv2%2Fproduct_cat&post=979"},{"taxonomy":"product_tag","embeddable":true,"href":"http:\/\/www.rougier-atelier.com\/index.php?rest_route=%2Fwp%2Fv2%2Fproduct_tag&post=979"}],"curies":[{"name":"wp","href":"https:\/\/api.w.org\/{rel}","templated":true}]}}